{"id":85,"date":"2016-11-09T12:42:18","date_gmt":"2016-11-09T10:42:18","guid":{"rendered":"http:\/\/www.istanbulbilisimkongresi.org.tr\/2016\/?page_id=17"},"modified":"2016-11-09T12:42:18","modified_gmt":"2016-11-09T10:42:18","slug":"hakkimizda","status":"publish","type":"page","link":"https:\/\/www.istanbulbilisimkongresi.org.tr\/ikibinonalti\/hakkimizda\/","title":{"rendered":"HAKKIMIZDA"},"content":{"rendered":"<p style=\"text-align: center\">[huge_it_slider id=&#8221;3&#8243;]<\/p>\n<p>&nbsp;<\/p>\n<p>T\u00fcrkiye Bili\u015fim Derne\u011fi, 22 Nisan 1971 tarihinde kurulmu\u015f, T\u00fcrkiye\u2019nin Bili\u015fim alan\u0131ndaki ilk sivil toplum kurulu\u015fudur. 1994 y\u0131l\u0131nda Bakanlar Kurulu karar\u0131 ile kamu yarar\u0131na \u00e7al\u0131\u015fan dernekler aras\u0131na al\u0131nm\u0131\u015ft\u0131r. 15000\u2019e yak\u0131n \u00fcyesi ile mesleki bir \u00f6rg\u00fct olmas\u0131n\u0131n yans\u0131ra bili\u015fim toplumunun olu\u015fmas\u0131 yolundaki \u00e7al\u0131\u015fmalar\u0131n\u0131 da artan h\u0131zda s\u00fcrd\u00fcrmektedir.<\/p>\n<p>1995 y\u0131l\u0131nda TBD\u2019nin bir \u00e7al\u0131\u015fma grubu olarak kurulan BIM-Kul\u00fcp, 1997 y\u0131l\u0131nda \u0130stanbul \u015eubesi\u2019nin kurulmas\u0131nda \u00f6nemli bir rol oynam\u0131\u015ft\u0131r. 13 Ocak 2001 tarihli Genel Kurul\u2019da akademisyen, \u00f6zel sekt\u00f6r ve bas\u0131n sekt\u00f6r\u00fcn\u00fcn temsilcilerinden olu\u015fan Y\u00f6netim Kurulu ve di\u011fer g\u00f6n\u00fcll\u00fc y\u00f6neticileri ile TBD-\u0130stanbul \u015eubesi teslim ald\u0131\u011f\u0131 bayra\u011f\u0131 daha ileriye ta\u015f\u0131maya g\u00f6n\u00fcl vermi\u015ftir.<\/p>\n<p><a href=\"http:\/\/www.tbd.org.tr\/subelerimiz\/tbd-istanbul\"><img loading=\"lazy\" decoding=\"async\" class=\"alignnone wp-image-245 size-large\" src=\"http:\/\/www.istanbulbilisimkongresi.org.tr\/2016\/wp-content\/uploads\/Tbd-\u0130st_sube-e1479157611970-1024x501.jpg\" width=\"750\" height=\"367\" \/><\/a><\/p>\n<p>TBD \u0130stanbul \u015eubesi olarak bir yandan kurumsal k\u00fclt\u00fcr ve yap\u0131n\u0131n devam\u0131n\u0131 sa\u011flarken di\u011fer taraftan yeni bir enerji ve farkl\u0131 bak\u0131\u015f a\u00e7\u0131lar\u0131n\u0131n getirdi\u011fi yeni hedefler ve yeni \u00e7al\u0131\u015fma gruplar\u0131 ile b\u00fcy\u00fcyerek \u00e7al\u0131\u015fmalar\u0131m\u0131z\u0131 s\u00fcrd\u00fcrmekteyiz. Yapt\u0131\u011f\u0131m\u0131z etkinlikler ve \u00a0faaliyetlerimize\u00a0<strong><a href=\"http:\/\/www.tbd.org.tr\/subelerimiz\/tbd-istanbul\">http:\/\/www.tbd.org.tr\/subelerimiz\/tbd-istanbul<\/a><\/strong> \u00a0dan ula\u015fabilirsiniz.<\/p>\n<p><a href=\"http:\/\/www.istanbulbilisimkongresi.org.tr\/2016\/wp-content\/uploads\/TBD-\u0130stanbul-2015-Faaliyet-Raporu.pdf\"><img loading=\"lazy\" decoding=\"async\" class=\"wp-image-233 alignleft\" src=\"http:\/\/www.istanbulbilisimkongresi.org.tr\/2016\/wp-content\/uploads\/faaliyet_Raporu-213x300.jpg\" alt=\"faaliyet_raporu\" width=\"159\" height=\"224\" \/><\/a><\/p>\n<p>&nbsp;<\/p>\n<p>2015\u00a0y\u0131l\u0131 faaliyet raporumuza resmi t\u0131klayarak ya da \u00a0<span style=\"font-size: 14pt\"><em><strong><a href=\"http:\/\/www.istanbulbilisimkongresi.org.tr\/2016\/wp-content\/uploads\/TBD-\u0130stanbul-2015-Faaliyet-Raporu.pdf\">tbd-istanbul-2015-faaliyet-raporu<\/a><\/strong><\/em><\/span>\u00a0olarak pdf olarak indirebilirsiniz.<\/p>\n<p>&nbsp;<\/p>\n<p>&nbsp;<\/p>\n<p>&nbsp;<\/p>\n<p><strong>TBD \u0130stanbul \u015eubesi olarak;<\/strong><\/p>\n<ul>\n<li>S\u00fcrekli geli\u015fme anlay\u0131\u015f\u0131 i\u00e7inde hedeflerini hayata ge\u00e7irmek \u00fczere tak\u0131m ruhu ve uyum i\u00e7inde \u00e7al\u0131\u015fabilen bir y\u00f6netim modeli olu\u015fturmak,<\/li>\n<li>Katk\u0131da bulunmak isteyen herkesin bilgi ve g\u00f6r\u00fc\u015f\u00fcne de\u011fer veren kat\u0131l\u0131mc\u0131 demokratik anlay\u0131\u015f\u0131n uygulay\u0131c\u0131s\u0131 olmak,<\/li>\n<li>Bilim ve akl\u0131 rehber almak, at\u0131l\u0131mc\u0131, saydam ve etik de\u011ferlerden taviz vermeyen bir dernek olmak,<\/li>\n<li>Ba\u015far\u0131l\u0131 olmak i\u00e7in payla\u015farak b\u00fcy\u00fcmek ve kat\u0131l\u0131mla ilerlemek,<\/li>\n<li>Dernek i\u00e7 dinamizmini harekete ge\u00e7irerek, t\u00fcm faaliyetlerimizin sistematik, rasyonel ve etkin olmas\u0131n\u0131 sa\u011flamak,<\/li>\n<li>\u00dcyeler aras\u0131nda ileti\u015fim, etkile\u015fim ve dayan\u0131\u015fmay\u0131 art\u0131rmak,<\/li>\n<\/ul>\n<p>G\u00f6revlerimiz aras\u0131nda yer almaktad\u0131r.<\/p>\n<p><strong>\u00c7al\u0131\u015fma ve Etkinliklerimizden baz\u0131lar\u0131:<\/strong><\/p>\n<ul>\n<li>KADER ile birlikte ger\u00e7ekle\u015ftirdi\u011fimiz \u201cEv Han\u0131mlar\u0131 Temel Bilgisayar ve Internet E\u011fitimi Projesi\u201d<\/li>\n<li>\u201cUluslararas\u0131 Gelecek i\u00e7in \u00d6\u011frenmede Yenilikler: e-\u00d6\u011frenme\u201d Konferans\u0131<\/li>\n<li>Kobiler i\u00e7in belli konular\u0131n uzmanlar\u0131 ile yap\u0131lan KOB\u0130L\u0130\u015e\u0130M toplant\u0131lar\u0131<\/li>\n<li>CIO Vizyon Toplant\u0131lar\u0131<\/li>\n<li>Bili\u015fim Y\u0131ld\u0131zlar\u0131 e-D\u00f6n\u00fc\u015f\u00fcm Yar\u0131\u015fmalar\u0131<\/li>\n<li><strong>\u0130stanbul Bili\u015fim Kongreleri<\/strong><\/li>\n<li>Bili\u015fim E\u011fitimleri<\/li>\n<li>Avrupa Birli\u011fi E\u011fitim Projelerine Kat\u0131l\u0131m ve Destekler<\/li>\n<li>Anadolu\u2019dan \u0130stanbul\u2019a getirilen bili\u015fimci gen\u00e7ler i\u00e7in yap\u0131lan \u015firket gezileri, konser, bili\u015fim platformu, bowling organizasyonu, seminer organizasyonlar\u0131 vb.<\/li>\n<\/ul>\n<p>&nbsp;<\/p>\n<p>&nbsp;<\/p>\n<p style=\"text-align: center\">\n","protected":false},"excerpt":{"rendered":"<p>[huge_it_slider id=&#8221;3&#8243;] &nbsp; T\u00fcrkiye Bili\u015fim Derne\u011fi, 22 Nisan 1971 tarihinde kurulmu\u015f, T\u00fcrkiye\u2019nin Bili\u015fim alan\u0131ndaki ilk sivil toplum kurulu\u015fudur. 1994 y\u0131l\u0131nda Bakanlar Kurulu karar\u0131 ile kamu yarar\u0131na \u00e7al\u0131\u015fan dernekler aras\u0131na al\u0131nm\u0131\u015ft\u0131r. 15000\u2019e yak\u0131n \u00fcyesi ile mesleki bir \u00f6rg\u00fct olmas\u0131n\u0131n yans\u0131ra bili\u015fim toplumunun olu\u015fmas\u0131 yolundaki \u00e7al\u0131\u015fmalar\u0131n\u0131 da artan h\u0131zda s\u00fcrd\u00fcrmektedir. 1995 y\u0131l\u0131nda TBD\u2019nin bir \u00e7al\u0131\u015fma grubu olarak [&hellip;]<\/p>\n","protected":false},"author":1,"featured_media":0,"parent":0,"menu_order":0,"comment_status":"closed","ping_status":"closed","template":"","meta":{"footnotes":""},"class_list":["post-85","page","type-page","status-publish","hentry"],"amp_enabled":true,"_links":{"self":[{"href":"https:\/\/www.istanbulbilisimkongresi.org.tr\/ikibinonalti\/wp-json\/wp\/v2\/pages\/85","targetHints":{"allow":["GET"]}}],"collection":[{"href":"https:\/\/www.istanbulbilisimkongresi.org.tr\/ikibinonalti\/wp-json\/wp\/v2\/pages"}],"about":[{"href":"https:\/\/www.istanbulbilisimkongresi.org.tr\/ikibinonalti\/wp-json\/wp\/v2\/types\/page"}],"author":[{"embeddable":true,"href":"https:\/\/www.istanbulbilisimkongresi.org.tr\/ikibinonalti\/wp-json\/wp\/v2\/users\/1"}],"replies":[{"embeddable":true,"href":"https:\/\/www.istanbulbilisimkongresi.org.tr\/ikibinonalti\/wp-json\/wp\/v2\/comments?post=85"}],"version-history":[{"count":0,"href":"https:\/\/www.istanbulbilisimkongresi.org.tr\/ikibinonalti\/wp-json\/wp\/v2\/pages\/85\/revisions"}],"wp:attachment":[{"href":"https:\/\/www.istanbulbilisimkongresi.org.tr\/ikibinonalti\/wp-json\/wp\/v2\/media?parent=85"}],"curies":[{"name":"wp","href":"https:\/\/api.w.org\/{rel}","templated":true}]}}