{"id":127,"date":"2026-03-13T21:30:33","date_gmt":"2026-03-13T18:30:33","guid":{"rendered":"https:\/\/www.istanbulbilisimkongresi.org.tr\/2026\/?page_id=127"},"modified":"2026-04-10T11:48:30","modified_gmt":"2026-04-10T08:48:30","slug":"bilim-kurulu","status":"publish","type":"page","link":"https:\/\/www.istanbulbilisimkongresi.org.tr\/2026\/bilim-kurulu\/","title":{"rendered":"Bilim Kurulu"},"content":{"rendered":"<p>[et_pb_section fb_built=&#8221;1&#8243; admin_label=&#8221;section&#8221; _builder_version=&#8221;4.16&#8243; global_colors_info=&#8221;{}&#8221;][et_pb_row admin_label=&#8221;row&#8221; _builder_version=&#8221;4.16&#8243; background_size=&#8221;initial&#8221; background_position=&#8221;top_left&#8221; background_repeat=&#8221;repeat&#8221; global_colors_info=&#8221;{}&#8221;][et_pb_column type=&#8221;4_4&#8243; _builder_version=&#8221;4.16&#8243; custom_padding=&#8221;|||&#8221; global_colors_info=&#8221;{}&#8221; custom_padding__hover=&#8221;|||&#8221;][et_pb_text _builder_version=&#8221;4.27.4&#8243; _module_preset=&#8221;default&#8221; hover_enabled=&#8221;0&#8243; global_colors_info=&#8221;{}&#8221; sticky_enabled=&#8221;0&#8243;]<\/p>\n<h3>B\u0130L\u0130M KURULU<\/h3>\n<table width=\"633\">\n<tbody>\n<tr>\n<td width=\"100\"><strong>\u00dcNVAN<\/strong><\/td>\n<td width=\"109\"><strong>AD<\/strong><\/td>\n<td width=\"153\"><strong>SOYAD<\/strong><\/td>\n<td width=\"271\"><strong>\u00dcN\u0130VERS\u0130TE<\/strong><\/td>\n<\/tr>\n<tr>\n<td>Prof. Dr.<\/td>\n<td>Ali<\/td>\n<td>YAZICI<\/td>\n<td>At\u0131l\u0131m \u00dcniversitesi<\/td>\n<\/tr>\n<tr>\n<td>Prof. Dr.<\/td>\n<td>Ahmet<\/td>\n<td>\u00c7ALIK<\/td>\n<td>Mehmet Akif Ersoy \u00dcniversitesi<\/td>\n<\/tr>\n<tr>\n<td>Prof. Dr.<\/td>\n<td>Alp<\/td>\n<td>BARAY<\/td>\n<td>\u0130stanbul Sa\u011fl\u0131k ve Teknoloji \u00dcniversitesi<\/td>\n<\/tr>\n<tr>\n<td>Prof. Dr.<\/td>\n<td>A\u015fk\u0131n<\/td>\n<td>DEM\u0130RA\u011e<\/td>\n<td>Yeditepe \u00dcniversitesi<\/td>\n<\/tr>\n<tr>\n<td>Prof. Dr.<\/td>\n<td>Bilgin<\/td>\n<td>MET\u0130N<\/td>\n<td>Bo\u011fazi\u00e7i \u00dcniversitesi<\/td>\n<\/tr>\n<tr>\n<td>Prof. Dr.<\/td>\n<td>\u00c7i\u011fdem<\/td>\n<td>ARICIG\u0130L \u00c7\u0130LAN<\/td>\n<td>\u0130stanbul \u00dcniversitesi<\/td>\n<\/tr>\n<tr>\n<td>Prof. Dr.<\/td>\n<td>G\u00f6khan<\/td>\n<td>S\u0130LAHTARO\u011eLU<\/td>\n<td>\u0130stanbul Medipol \u00dcniversitesi<\/td>\n<\/tr>\n<tr>\n<td>Prof. Dr.<\/td>\n<td>\u0130smail<\/td>\n<td>\u00d6NDEN<\/td>\n<td>\u0130stanbul \u00dcniversitesi<\/td>\n<\/tr>\n<tr>\n<td>Prof. Dr.<\/td>\n<td>M. Erdal<\/td>\n<td>BALABAN<\/td>\n<td>\u0130stanbul \u00dcniversitesi<\/td>\n<\/tr>\n<tr>\n<td>Prof. Dr.<\/td>\n<td>S. Gonca<\/td>\n<td>TELL\u0130<\/td>\n<td>Yeditepe \u00dcniversitesi<\/td>\n<\/tr>\n<tr>\n<td>Prof. Dr.<\/td>\n<td>U\u011fur<\/td>\n<td>YOZGAT<\/td>\n<td>\u0130stanbul Ni\u015fanta\u015f\u0131 \u00dcnversitesi<\/td>\n<\/tr>\n<tr>\n<td>Prof. Dr.<\/td>\n<td>Ya\u015far<\/td>\n<td>HO\u015eCAN<\/td>\n<td>\u0130stanbul Ni\u015fanta\u015f\u0131 \u00dcnversitesi<\/td>\n<\/tr>\n<tr>\n<td>Do\u00e7. Dr.<\/td>\n<td>Aylin<\/td>\n<td>ERDO\u011eDU<\/td>\n<td>Arel \u00dcniversitesi<\/td>\n<\/tr>\n<tr>\n<td>Do\u00e7. Dr.<\/td>\n<td>B. Ba\u015fak<\/td>\n<td>ESK\u0130\u015eEH\u0130RL\u0130<\/td>\n<td>\u0130stanbul \u00dcniversitesi<\/td>\n<\/tr>\n<tr>\n<td>Do\u00e7. Dr.<\/td>\n<td>Elif<\/td>\n<td>KARTAL<\/td>\n<td>\u0130stanbul \u00dcniversitesi<\/td>\n<\/tr>\n<tr>\n<td>Do\u00e7. Dr.<\/td>\n<td>Emre<\/td>\n<td>AKADAL<\/td>\n<td>\u0130stanbul \u00dcniversitesi<\/td>\n<\/tr>\n<tr>\n<td>Do\u00e7. Dr.<\/td>\n<td>F. \u00d6nay<\/td>\n<td>KO\u00c7O\u011eLU<\/td>\n<td>\u0130stanbul \u00dcniversitesi<\/td>\n<\/tr>\n<tr>\n<td>Do\u00e7. Dr.<\/td>\n<td>Fatma<\/td>\n<td>\u00c7ALI\u015eKAN<\/td>\n<td>\u0130stanbul \u00dcniversitesi<\/td>\n<\/tr>\n<tr>\n<td>Do\u00e7.Dr.<\/td>\n<td>G\u00fclg\u00f6n\u00fcl<\/td>\n<td>BOZO\u011eLU BATI<\/td>\n<td>Yalova \u00dcniversitesi<\/td>\n<\/tr>\n<tr>\n<td>Prof. Dr.<\/td>\n<td>G\u00fcrkan<\/td>\n<td>ERSOY<\/td>\n<td>Dokuz Eyl\u00fcl\u00a0\u00dcniversitesi<\/td>\n<\/tr>\n<tr>\n<td>Do\u00e7. Dr.<\/td>\n<td>Nermin<\/td>\n<td>\u00c7AKMAK<\/td>\n<td>Erzurum Atat\u00fcrk \u00dcniversitesi<\/td>\n<\/tr>\n<tr>\n<td>Do\u00e7. Dr.<\/td>\n<td>O\u011fuz<\/td>\n<td>AKPOLAT<\/td>\n<td>Mu\u011fla S\u0131tk\u0131 Ko\u00e7man \u00dcniversitesi<\/td>\n<\/tr>\n<tr>\n<td>Do\u00e7. Dr.<\/td>\n<td>Zeki<\/td>\n<td>\u00d6ZEN<\/td>\n<td>\u0130stanbul \u00dcniversitesi<\/td>\n<\/tr>\n<tr>\n<td>Dr. \u00d6\u011fr. \u00dcyesi<\/td>\n<td>Ali<\/td>\n<td>\u00d6ZKURT<\/td>\n<td>\u0130stanbul Ni\u015fanta\u015f\u0131 \u00dcnversitesi<\/td>\n<\/tr>\n<tr>\n<td>Dr. \u00d6\u011fr. \u00dcyesi<\/td>\n<td>Cansu<\/td>\n<td>\u015eAH\u0130N K\u00d6LEMEN<\/td>\n<td>Beykoz \u00dcniversitesi<\/td>\n<\/tr>\n<tr>\n<td>Dr. \u00d6\u011fr. \u00dcyesi<\/td>\n<td>Cemal<\/td>\n<td>GEMC\u0130<\/td>\n<td>Ostim Teknik \u00dcniversitesi<\/td>\n<\/tr>\n<tr>\n<td>Dr. \u00d6\u011fr. \u00dcyesi<\/td>\n<td>G\u00f6k\u00e7e<\/td>\n<td>KARAHAN ADALI<\/td>\n<td>\u0130stanbul Sabahattin Zaim \u00dcniversitesi<\/td>\n<\/tr>\n<tr>\n<td>Dr. \u00d6\u011fr. \u00dcyesi<\/td>\n<td>G\u00fcncel<\/td>\n<td>SARIMAN<\/td>\n<td>Mu\u011fla S\u0131tk\u0131 Ko\u00e7man \u00dcniversitesi<\/td>\n<\/tr>\n<tr>\n<td>Dr. \u00d6\u011fr. \u00dcyesi<\/td>\n<td>L. Sinem<\/td>\n<td>SARUL<\/td>\n<td>\u0130stanbul \u00dcniversitesi<\/td>\n<\/tr>\n<tr>\n<td>Dr. \u00d6\u011fr. \u00dcyesi<\/td>\n<td>Mustafa<\/td>\n<td>G\u00dcLER<\/td>\n<td>\u0130stanbul \u00dcniversitesi-Cerrahpa\u015fa<\/td>\n<\/tr>\n<tr>\n<td>Dr. \u00d6\u011fr. \u00dcyesi<\/td>\n<td>\u00d6zg\u00fcn<\/td>\n<td>KARA<\/td>\n<td>Topkap\u0131 \u00dcniversitesi<\/td>\n<\/tr>\n<tr>\n<td>Dr. \u00d6\u011fr. \u00dcyesi<\/td>\n<td>Sinem<\/td>\n<td>B\u00dcY\u00dcKSAAT\u00c7\u0130 K\u0130R\u0130\u015e<\/td>\n<td>\u0130stanbul \u00dcniversitesi-Cerrahpa\u015fa<\/td>\n<\/tr>\n<tr>\n<td>Dr. \u00d6\u011fr. \u00dcyesi<\/td>\n<td>S\u00fcreyya \u0130mre<\/td>\n<td>BIYIKLI<\/td>\n<td>Geli\u015fim \u00dcniversitesi<\/td>\n<\/tr>\n<tr>\n<td>Dr. \u00d6\u011fr. \u00dcyesi<\/td>\n<td>Ula\u015f<\/td>\n<td>VURAL<\/td>\n<td>\u0130stanbul Ni\u015fanta\u015f\u0131 \u00dcnversitesi<\/td>\n<\/tr>\n<tr>\n<td>\u00d6\u011fr. G\u00f6r.<\/td>\n<td>Ebubekir<\/td>\n<td>AKKU\u015e<\/td>\n<td>Ayd\u0131n Adnan Menderes \u00dcniversitesi<\/td>\n<\/tr>\n<tr>\n<td>Dr.<\/td>\n<td>Ali<\/td>\n<td>ALSA\u00c7<\/td>\n<td>Uzman Bili\u015fim<\/td>\n<\/tr>\n<tr>\n<td>Dr.<\/td>\n<td>Ay\u015fe<\/td>\n<td>\u00c7INAR<\/td>\n<td>Marmara \u00dcniversitesi<\/td>\n<\/tr>\n<\/tbody>\n<\/table>\n<p>[\/et_pb_text][\/et_pb_column][\/et_pb_row][\/et_pb_section]<\/p>\n","protected":false},"excerpt":{"rendered":"<p>B\u0130L\u0130M KURULU \u00dcNVAN AD SOYAD \u00dcN\u0130VERS\u0130TE Prof. Dr. Ali YAZICI At\u0131l\u0131m \u00dcniversitesi Prof. Dr. Ahmet \u00c7ALIK Mehmet Akif Ersoy \u00dcniversitesi Prof. Dr. Alp BARAY \u0130stanbul Sa\u011fl\u0131k ve Teknoloji \u00dcniversitesi Prof. Dr. A\u015fk\u0131n DEM\u0130RA\u011e Yeditepe \u00dcniversitesi Prof. Dr. Bilgin MET\u0130N Bo\u011fazi\u00e7i \u00dcniversitesi Prof. Dr. \u00c7i\u011fdem ARICIG\u0130L \u00c7\u0130LAN \u0130stanbul \u00dcniversitesi Prof. Dr. G\u00f6khan S\u0130LAHTARO\u011eLU \u0130stanbul Medipol \u00dcniversitesi [&hellip;]<\/p>\n","protected":false},"author":5,"featured_media":0,"parent":0,"menu_order":0,"comment_status":"closed","ping_status":"closed","template":"","meta":{"_et_pb_use_builder":"on","_et_pb_old_content":"","_et_gb_content_width":"","footnotes":""},"class_list":["post-127","page","type-page","status-publish","hentry"],"amp_enabled":true,"_links":{"self":[{"href":"https:\/\/www.istanbulbilisimkongresi.org.tr\/2026\/wp-json\/wp\/v2\/pages\/127","targetHints":{"allow":["GET"]}}],"collection":[{"href":"https:\/\/www.istanbulbilisimkongresi.org.tr\/2026\/wp-json\/wp\/v2\/pages"}],"about":[{"href":"https:\/\/www.istanbulbilisimkongresi.org.tr\/2026\/wp-json\/wp\/v2\/types\/page"}],"author":[{"embeddable":true,"href":"https:\/\/www.istanbulbilisimkongresi.org.tr\/2026\/wp-json\/wp\/v2\/users\/5"}],"replies":[{"embeddable":true,"href":"https:\/\/www.istanbulbilisimkongresi.org.tr\/2026\/wp-json\/wp\/v2\/comments?post=127"}],"version-history":[{"count":12,"href":"https:\/\/www.istanbulbilisimkongresi.org.tr\/2026\/wp-json\/wp\/v2\/pages\/127\/revisions"}],"predecessor-version":[{"id":259,"href":"https:\/\/www.istanbulbilisimkongresi.org.tr\/2026\/wp-json\/wp\/v2\/pages\/127\/revisions\/259"}],"wp:attachment":[{"href":"https:\/\/www.istanbulbilisimkongresi.org.tr\/2026\/wp-json\/wp\/v2\/media?parent=127"}],"curies":[{"name":"wp","href":"https:\/\/api.w.org\/{rel}","templated":true}]}}