{"id":64,"date":"2021-11-12T17:09:04","date_gmt":"2021-11-12T14:09:04","guid":{"rendered":"https:\/\/www.istanbulbilisimkongresi.org.tr\/2021\/?page_id=64"},"modified":"2021-12-07T21:05:44","modified_gmt":"2021-12-07T18:05:44","slug":"program","status":"publish","type":"page","link":"https:\/\/www.istanbulbilisimkongresi.org.tr\/2021\/program\/","title":{"rendered":"Program"},"content":{"rendered":"<p>[et_pb_section bb_built=&#8221;1&#8243; fullwidth=&#8221;on&#8221; _builder_version=&#8221;3.22&#8243; next_background_color=&#8221;#000000&#8243;][et_pb_fullwidth_image src=&#8221;https:\/\/www.istanbulbilisimkongresi.org.tr\/2021\/wp-content\/uploads\/sites\/13\/2021\/11\/ibk-2021-header.jpg&#8221; _builder_version=&#8221;4.7.7&#8243; vertical_offset_tablet=&#8221;0&#8243; horizontal_offset_tablet=&#8221;0&#8243; z_index_tablet=&#8221;0&#8243; box_shadow_horizontal_tablet=&#8221;0px&#8221; box_shadow_vertical_tablet=&#8221;0px&#8221; box_shadow_blur_tablet=&#8221;40px&#8221; box_shadow_spread_tablet=&#8221;0px&#8221;]<\/p>\n<p>[\/et_pb_fullwidth_image][\/et_pb_section][et_pb_section bb_built=&#8221;1&#8243; _builder_version=&#8221;3.22&#8243; prev_background_color=&#8221;#000000&#8243;][et_pb_row _builder_version=&#8221;3.25&#8243; background_size=&#8221;initial&#8221; background_position=&#8221;top_left&#8221; background_repeat=&#8221;repeat&#8221;][et_pb_column type=&#8221;4_4&#8243; _builder_version=&#8221;3.0.47&#8243; custom_padding=&#8221;|||&#8221; custom_padding__hover=&#8221;|||&#8221;][et_pb_text _builder_version=&#8221;4.7.7&#8243; vertical_offset_tablet=&#8221;0&#8243; horizontal_offset_tablet=&#8221;0&#8243; z_index_tablet=&#8221;0&#8243; text_text_shadow_horizontal_length_tablet=&#8221;0px&#8221; text_text_shadow_vertical_length_tablet=&#8221;0px&#8221; text_text_shadow_blur_strength_tablet=&#8221;1px&#8221; link_text_shadow_horizontal_length_tablet=&#8221;0px&#8221; link_text_shadow_vertical_length_tablet=&#8221;0px&#8221; link_text_shadow_blur_strength_tablet=&#8221;1px&#8221; ul_text_shadow_horizontal_length_tablet=&#8221;0px&#8221; ul_text_shadow_vertical_length_tablet=&#8221;0px&#8221; ul_text_shadow_blur_strength_tablet=&#8221;1px&#8221; ol_text_shadow_horizontal_length_tablet=&#8221;0px&#8221; ol_text_shadow_vertical_length_tablet=&#8221;0px&#8221; ol_text_shadow_blur_strength_tablet=&#8221;1px&#8221; quote_text_shadow_horizontal_length_tablet=&#8221;0px&#8221; quote_text_shadow_vertical_length_tablet=&#8221;0px&#8221; quote_text_shadow_blur_strength_tablet=&#8221;1px&#8221; header_text_shadow_horizontal_length_tablet=&#8221;0px&#8221; header_text_shadow_vertical_length_tablet=&#8221;0px&#8221; header_text_shadow_blur_strength_tablet=&#8221;1px&#8221; header_2_text_shadow_horizontal_length_tablet=&#8221;0px&#8221; header_2_text_shadow_vertical_length_tablet=&#8221;0px&#8221; header_2_text_shadow_blur_strength_tablet=&#8221;1px&#8221; header_3_text_shadow_horizontal_length_tablet=&#8221;0px&#8221; header_3_text_shadow_vertical_length_tablet=&#8221;0px&#8221; header_3_text_shadow_blur_strength_tablet=&#8221;1px&#8221; header_4_text_shadow_horizontal_length_tablet=&#8221;0px&#8221; header_4_text_shadow_vertical_length_tablet=&#8221;0px&#8221; header_4_text_shadow_blur_strength_tablet=&#8221;1px&#8221; header_5_text_shadow_horizontal_length_tablet=&#8221;0px&#8221; header_5_text_shadow_vertical_length_tablet=&#8221;0px&#8221; header_5_text_shadow_blur_strength_tablet=&#8221;1px&#8221; header_6_text_shadow_horizontal_length_tablet=&#8221;0px&#8221; header_6_text_shadow_vertical_length_tablet=&#8221;0px&#8221; header_6_text_shadow_blur_strength_tablet=&#8221;1px&#8221; border_radii=&#8221;off|0px|0px|0px|0px&#8221; box_shadow_style=&#8221;preset1&#8243; box_shadow_vertical_tablet=&#8221;0px&#8221; box_shadow_blur_tablet=&#8221;40px&#8221; text_text_shadow_horizontal_length=&#8221;text_text_shadow_style,%91object Object%93&#8243; text_text_shadow_vertical_length=&#8221;text_text_shadow_style,%91object Object%93&#8243; text_text_shadow_blur_strength=&#8221;text_text_shadow_style,%91object Object%93&#8243; link_text_shadow_horizontal_length=&#8221;link_text_shadow_style,%91object Object%93&#8243; link_text_shadow_vertical_length=&#8221;link_text_shadow_style,%91object Object%93&#8243; link_text_shadow_blur_strength=&#8221;link_text_shadow_style,%91object Object%93&#8243; ul_text_shadow_horizontal_length=&#8221;ul_text_shadow_style,%91object Object%93&#8243; ul_text_shadow_vertical_length=&#8221;ul_text_shadow_style,%91object Object%93&#8243; ul_text_shadow_blur_strength=&#8221;ul_text_shadow_style,%91object Object%93&#8243; ol_text_shadow_horizontal_length=&#8221;ol_text_shadow_style,%91object Object%93&#8243; ol_text_shadow_vertical_length=&#8221;ol_text_shadow_style,%91object Object%93&#8243; ol_text_shadow_blur_strength=&#8221;ol_text_shadow_style,%91object Object%93&#8243; quote_text_shadow_horizontal_length=&#8221;quote_text_shadow_style,%91object Object%93&#8243; quote_text_shadow_vertical_length=&#8221;quote_text_shadow_style,%91object Object%93&#8243; quote_text_shadow_blur_strength=&#8221;quote_text_shadow_style,%91object Object%93&#8243; header_text_shadow_horizontal_length=&#8221;header_text_shadow_style,%91object Object%93&#8243; header_text_shadow_vertical_length=&#8221;header_text_shadow_style,%91object Object%93&#8243; header_text_shadow_blur_strength=&#8221;header_text_shadow_style,%91object Object%93&#8243; header_2_text_shadow_horizontal_length=&#8221;header_2_text_shadow_style,%91object Object%93&#8243; header_2_text_shadow_vertical_length=&#8221;header_2_text_shadow_style,%91object Object%93&#8243; header_2_text_shadow_blur_strength=&#8221;header_2_text_shadow_style,%91object Object%93&#8243; header_3_text_shadow_horizontal_length=&#8221;header_3_text_shadow_style,%91object Object%93&#8243; header_3_text_shadow_vertical_length=&#8221;header_3_text_shadow_style,%91object Object%93&#8243; header_3_text_shadow_blur_strength=&#8221;header_3_text_shadow_style,%91object Object%93&#8243; header_4_text_shadow_horizontal_length=&#8221;header_4_text_shadow_style,%91object Object%93&#8243; header_4_text_shadow_vertical_length=&#8221;header_4_text_shadow_style,%91object Object%93&#8243; header_4_text_shadow_blur_strength=&#8221;header_4_text_shadow_style,%91object Object%93&#8243; header_5_text_shadow_horizontal_length=&#8221;header_5_text_shadow_style,%91object Object%93&#8243; header_5_text_shadow_vertical_length=&#8221;header_5_text_shadow_style,%91object Object%93&#8243; header_5_text_shadow_blur_strength=&#8221;header_5_text_shadow_style,%91object Object%93&#8243; header_6_text_shadow_horizontal_length=&#8221;header_6_text_shadow_style,%91object Object%93&#8243; header_6_text_shadow_vertical_length=&#8221;header_6_text_shadow_style,%91object Object%93&#8243; header_6_text_shadow_blur_strength=&#8221;header_6_text_shadow_style,%91object Object%93&#8243;]<\/p>\n<table id=\"table1\">\n<tbody>\n<tr>\n<th style=\"color: #003366; font-size: 20px; text-align: center;\" colspan=\"3\"><span style=\"font-size: x-large;\"><b>1. G\u00dcN \u2013 8 ARALIK 2021, \u00c7AR\u015eAMBA<\/b><\/span><\/th>\n<\/tr>\n<tr>\n<td style=\"width: 135px;\">\n<h4><strong>\u00a0<span style=\"color: #800080;\">10:15 &#8211;<\/span><\/strong><strong><span style=\"color: #800080;\">11:00<\/span><\/strong><\/h4>\n<\/td>\n<td colspan=\"2\">\n<p><span style=\"font-family: inherit; font-weight: normal; font-size: large;\"><b><span style=\"color: #660a0a;\">A\u00c7ILI\u015e KONU\u015eM<\/span><\/b><\/span><span style=\"font-family: inherit; font-weight: normal; font-size: large;\"><b><span style=\"color: #660a0a;\">ALARI<\/span><\/b><\/span><\/p>\n<ul>\n<li><strong>Deniz Tiryakio\u011flu\u00a0 \u00a0<\/strong>T\u00fcrkiye Bili\u015fim Derne\u011fi \u0130stanbul Y\u00f6netim Kurulu Ba\u015fkan\u0131<\/li>\n<li><strong>Rahmi Aktepe\u00a0 \u00a0 \u00a0 \u00a0 \u00a0<\/strong>T\u00fcrkiye Bili\u015fim Derne\u011fi Genel Ba\u015fkan\u0131<\/li>\n<li><strong>Ekrem \u0130mamo\u011flu<\/strong>\u00a0 \u00a0 \u00a0\u0130stanbul B\u00fcy\u00fck\u015fehir Belediye Ba\u015fkan\u0131<\/li>\n<\/ul>\n<p><strong style=\"font-family: inherit; font-size: inherit;\"><img loading=\"lazy\" decoding=\"async\" class=\"wp-image-180 alignleft\" style=\"font-weight: 500;\" src=\"https:\/\/www.istanbulbilisimkongresi.org.tr\/2021\/wp-content\/uploads\/sites\/13\/2021\/12\/ibkak2.png\" alt=\"\" width=\"825\" height=\"196\" srcset=\"https:\/\/www.istanbulbilisimkongresi.org.tr\/2021\/wp-content\/uploads\/sites\/13\/2021\/12\/ibkak2-1280x304.png 1280w, https:\/\/www.istanbulbilisimkongresi.org.tr\/2021\/wp-content\/uploads\/sites\/13\/2021\/12\/ibkak2-980x233.png 980w, https:\/\/www.istanbulbilisimkongresi.org.tr\/2021\/wp-content\/uploads\/sites\/13\/2021\/12\/ibkak2-480x114.png 480w\" sizes=\"(min-width: 0px) and (max-width: 480px) 480px, (min-width: 481px) and (max-width: 980px) 980px, (min-width: 981px) and (max-width: 1280px) 1280px, 100vw\" \/><\/strong><\/p>\n<p>\u00a0<\/p>\n<p>\u00a0<\/p>\n<p>\u00a0<\/p>\n<p>\u00a0<\/p>\n<p>\u00a0<\/p>\n<\/td>\n<\/tr>\n<tr>\n<td>\n<h4><span style=\"color: #800080;\"><strong>11:00 \u2013 12:30<\/strong><\/span><\/h4>\n<\/td>\n<td style=\"color: darkred; font-weight: bold;\" colspan=\"2\"><span style=\"font-size: large;\">Panel: AKILLI \u015eEH\u0130RLER -\u0130STANBUL&#8217; UN TEKNOLOJ\u0130 V\u0130ZYONU<br \/><\/span><\/td>\n<\/tr>\n<tr>\n<td colspan=\"3\">\n<p><img loading=\"lazy\" decoding=\"async\" class=\" wp-image-158 alignleft\" src=\"https:\/\/www.istanbulbilisimkongresi.org.tr\/2021\/wp-content\/uploads\/sites\/13\/2021\/12\/IBK2021Akilli-Sehirler-Paneli-scaled.jpg\" alt=\"\" width=\"474\" height=\"362\" \/><\/p>\n<p><span style=\"color: #626262; font-weight: bold;\">Moderat\u00f6r:<\/span> <strong>Dr. Naim Erol \u00d6zg\u00fcner<\/strong>, <em>\u0130BB Bilgi \u0130\u015flem Daire Ba\u015fkan\u0131<\/em><\/p>\n<p><strong style=\"font-family: inherit; font-size: inherit;\">Konu\u015fmac\u0131lar:<\/strong><br \/><strong>Melih Gecek<\/strong> &#8211; \u0130BB Teknoloji Koordinat\u00f6r\u00fc<br \/><strong>Y\u00fccel Karadeniz<\/strong> &#8211; BELB\u0130M A.\u015e. Genel M\u00fcd\u00fcr\u00fc<br \/><strong>Nihat Narin<\/strong> &#8211; \u0130STTELKOM A.\u015e. Genel M\u00fcd\u00fcr\u00fc<br \/><strong>Mesut K\u0131z\u0131l<\/strong> &#8211; \u0130SBAK A.\u015e. Genel M\u00fcd\u00fcr\u00fc<br \/><strong>\u0130brahim Edin<\/strong> &#8211; UGETAM A.\u015e. Genel M\u00fcd\u00fcr\u00fc<br \/><strong>Y\u00fcksel Yal\u00e7\u0131n<\/strong> &#8211; \u0130stanbul Enerji Genel M\u00fcd\u00fcr\u00fc<\/p>\n<p>\u00a0<\/p>\n<\/td>\n<\/tr>\n<tr>\n<td>\n<h4><span style=\"color: #800080;\"><strong>13:00 \u2013 14:30<\/strong><\/span><\/h4>\n<\/td>\n<td style=\"color: darkred; font-weight: bold;\" colspan=\"2\"><span style=\"font-size: large;\">Panel: <span style=\"font-weight: bold; color: #993300;\"><strong>MERKEZ\u0130 OLMAYAN TEKNOLOJ\u0130LER\u0130N Y\u00dcKSEL\u0130\u015e\u0130<br \/>Uzaktan Payla\u015f\u0131lan Teknolojiler, Bulut Bili\u015fim ve B\u00fcy\u00fck Veri, G\u00f6rev Madencili\u011fi<\/strong><\/span><\/span><\/td>\n<\/tr>\n<tr>\n<td colspan=\"3\"><span style=\"color: #626262; font-weight: bold;\"><span style=\"color: #626262; font-weight: bold;\"><strong style=\"color: #666666;\"><img loading=\"lazy\" decoding=\"async\" class=\"wp-image-183 alignleft\" src=\"https:\/\/www.istanbulbilisimkongresi.org.tr\/2021\/wp-content\/uploads\/sites\/13\/2021\/12\/IBK2021Merkezi-Olmayan-Teknolojilerin-Yukselisi-Paneli-2-scaled.jpg\" alt=\"\" width=\"497\" height=\"379\" \/><br \/>Moderat\u00f6r: Prof.Dr. M. Erdal Balaban &#8211;<\/strong><\/span><\/span><span style=\"color: #626262;\"><span style=\"color: #626262;\"> TBD \u0130stanbul Onur Kurulu Ba\u015fkan\u0131<\/span><\/span><span style=\"color: #626262; font-weight: bold;\"><span style=\"color: #626262; font-weight: bold;\"><strong style=\"color: #666666;\"><br \/>Panelistler<br \/>Olcay Y\u0131ld\u0131z &#8211; <\/strong><\/span><\/span><span style=\"color: #626262;\"><span style=\"color: #626262;\">T\u00dcRKKEP Genel M\u00fcd\u00fcr<\/span><\/span><span style=\"color: #626262; font-weight: bold;\"><span style=\"color: #626262; font-weight: bold;\"><strong style=\"color: #666666;\"><br \/>Cemal K\u0131van\u00e7 \u00d6ner &#8211;<\/strong><\/span><\/span><span style=\"color: #626262;\"><span style=\"color: #626262;\"> \u00d6ner Bili\u015fim A.\u015e Kurucu &amp; Genel M\u00fcd\u00fcr<\/span><\/span><span style=\"color: #626262; font-weight: bold;\"><span style=\"color: #626262; font-weight: bold;\"><strong style=\"color: #666666;\"><br \/>O\u011fuz \u00d6zbek &#8211; <\/strong><\/span><\/span><span style=\"color: #626262;\"><span style=\"color: #626262;\">UltimateSuite T\u00fcriye Partneri &#8211; Bilig Opex Kurucu Ortak<\/span><\/span><span style=\"color: #626262; font-weight: bold;\"><span style=\"color: #626262; font-weight: bold;\"><strong style=\"color: #666666;\"><br \/>Ozan G\u00f6zba\u015f\u0131 &#8211; <\/strong><\/span><\/span><span style=\"color: #626262;\"><span style=\"color: #626262;\">Optiyol Kurucu Ortak<\/span><\/span><span style=\"color: #626262; font-weight: bold;\"><span style=\"color: #626262; font-weight: bold;\"><strong style=\"color: #666666;\"><br \/>Orkun Ba\u015far &#8211; <\/strong><\/span><\/span><span style=\"color: #626262;\"><span style=\"color: #626262;\">Netuce CTO<\/span><\/span><\/td>\n<\/tr>\n<tr>\n<td>\n<h4>\u00a0<span style=\"color: #800080;\"><strong><br \/>15:00 \u2013 16:30<\/strong><\/span><\/h4>\n<\/td>\n<td style=\"color: darkred; font-weight: bold;\" colspan=\"2\"><span style=\"font-size: large;\">Panel: AFET B\u0130L\u0130\u015e\u0130M\u0130 VE KR\u0130Z Y\u00d6NET\u0130M\u0130<br \/>Afet An\u0131 Bili\u015fimle Kriz Y\u00f6netimi, Afet An\u0131 Ak\u0131ll\u0131 Ula\u015f\u0131m, Afet de Bulut Teknolojileri, Afet ve B\u00fcy\u00fck Veri Y\u00f6netim<\/span><\/td>\n<\/tr>\n<tr>\n<td colspan=\"3\">\n<p><span style=\"color: #626262; font-weight: bold;\"><em style=\"color: #666666; font-weight: 500;\"><img loading=\"lazy\" decoding=\"async\" class=\"wp-image-157 alignleft\" src=\"https:\/\/www.istanbulbilisimkongresi.org.tr\/2021\/wp-content\/uploads\/sites\/13\/2021\/12\/IBK2021Afet-Bilisim-Paneli-scaled.jpg\" alt=\"\" width=\"488\" height=\"372\" \/><\/em><\/span><\/p>\n<p><span style=\"color: #626262; font-weight: bold;\">Moderat\u00f6r:<\/span> <strong>D<\/strong><strong>r. Tayfun Kahraman<\/strong>, <em>\u0130BB Deprem Risk Daire Ba\u015fkan\u0131<\/em><\/p>\n<p><strong>Konu\u015fmac\u0131lar:<\/strong><strong><br \/>Nil\u00fcfer \u00c7\u0131narl\u0131 Mutlu<\/strong> &#8211; \u0130B\u015eB \u0130zmir Teknoloji Y\u00f6netim Kurulu Ba\u015fkan\u0131<br \/><strong>Prof.Dr. Gonca Telli<\/strong> &#8211; Do\u011fu\u015f \u00dcniversitesi \u0130\u0130BF Dekan\u0131 \/ TBD \u0130stanbul \u015eube Y\u00f6netim Kurulu \u00dcyesi<br \/><strong>Can Ayata<\/strong> &#8211; IETT Bilgi \u0130\u015flem Daire Ba\u015fkan\u0131<br \/><strong>Bar\u0131\u015f Uz<\/strong> &#8211; Esri T\u00fcrkiye CEO<br \/><strong>Can Da\u011fdelen<\/strong> &#8211; Parametre CEO<\/p>\n<\/td>\n<\/tr>\n<tr>\n<th style=\"color: #003366; font-size: 20px; text-align: center;\" colspan=\"3\"><span style=\"font-size: x-large;\"><b>2. G\u00dcN \u20139 ARALIK 2021, PER\u015eEMBE<\/b><\/span><\/th>\n<\/tr>\n<tr>\n<td>\n<h4><span style=\"color: #800080;\"><strong>12:30 \u2013 12:50<\/strong><\/span><\/h4>\n<\/td>\n<td style=\"color: darkred; font-weight: bold;\" colspan=\"2\"><span style=\"font-size: large;\"> DAVETL\u0130 KONU\u015eMACI : Dijital Sa\u011fl\u0131k Anayasal Hak m\u0131d\u0131r?<\/span><\/td>\n<\/tr>\n<tr>\n<td colspan=\"3\">\n<p><strong><img loading=\"lazy\" decoding=\"async\" class=\"wp-image-146 alignleft\" src=\"https:\/\/www.istanbulbilisimkongresi.org.tr\/2021\/wp-content\/uploads\/sites\/13\/2021\/12\/15.-ISTANBUL-BILISIM-KONGRESI-1080-x-1080-px.png\" alt=\"\" width=\"473\" height=\"396\" \/><\/strong><\/p>\n<p>\u00a0<\/p>\n<p>\u00a0<\/p>\n<p><strong>Dr. Cenk Tezcan &#8211; Medikal Futurist<\/strong><\/p>\n<p>\u00a0<\/p>\n<p>\u00a0<\/p>\n<\/td>\n<\/tr>\n<tr>\n<td>\n<h4><span style=\"color: #800080;\"><strong>13:00 \u2013 14:30<\/strong><\/span><\/h4>\n<\/td>\n<td style=\"color: darkred; font-weight: bold;\" colspan=\"2\"><span style=\"font-size: medium;\">Panel: TEKNOLOJ\u0130K D\u0130P DALGA VE YEN\u0130 NES\u0130L G\u0130R\u0130\u015e\u0130MLER\u0130N TSUNAM\u0130 ETK\u0130S\u0130NE HAZIRLIKLARI<br \/><\/span><\/td>\n<\/tr>\n<tr>\n<td colspan=\"3\">\n<p><span style=\"color: #626262; font-weight: bold;\"><em style=\"color: #666666; font-weight: 500;\"><br \/><\/em><img loading=\"lazy\" decoding=\"async\" class=\" wp-image-147 alignleft\" src=\"https:\/\/www.istanbulbilisimkongresi.org.tr\/2021\/wp-content\/uploads\/sites\/13\/2021\/12\/TDDP-2-scaled.jpg\" alt=\"\" width=\"469\" height=\"357\" \/>Moderat\u00f6r:<\/span> <strong> H<\/strong><strong>\u00fcseyin Karaya\u011f\u0131z<\/strong>, <em>TRAngels Kurucu Ortak, TBD \u0130stanbul Y\u00f6netim Kurulu \u00dcyesi<\/em><\/p>\n<p><strong>Konu\u015fmac\u0131lar:<br \/>Yusuf Kaya<\/strong> &#8211; BATRON Enerji Kurucu Ortak<br \/><strong>Emre Boyac\u0131o\u011flu<\/strong> &#8211; VAHAA Kurucu Ortak<br \/><strong>Kerem Erik\u00e7i<\/strong> &#8211; B\u0130FTEK.CO Kurucu Ortak<br \/><strong>Utku Kaynar<\/strong> &#8211; BUCK.AI Kurucu Ortak<br \/><strong>Dr. Ali Kurt<\/strong> &#8211; SYNERG\u0130A Kurucu Ortak<\/p>\n<\/td>\n<\/tr>\n<tr>\n<td>\n<h4><span style=\"color: #800080;\"><strong>15:00 \u2013 16:30<\/strong><\/span><\/h4>\n<\/td>\n<td style=\"color: darkred; font-weight: bold;\" colspan=\"2\"><span style=\"font-size: large;\">\u00a0Panel: YEN\u0130 D\u00dcNYA D\u00dcZEN\u0130NDE F\u0130NANSIN D\u00d6N\u00dc\u015e\u00dcM\u00dc<br \/>(Kripto Varl\u0131klar ve De\u011fi\u015fen Piyasalar)<\/span><\/td>\n<\/tr>\n<tr>\n<td colspan=\"3\">\n<p><strong><img loading=\"lazy\" decoding=\"async\" class=\"wp-image-148 alignleft\" src=\"https:\/\/www.istanbulbilisimkongresi.org.tr\/2021\/wp-content\/uploads\/sites\/13\/2021\/12\/IBK2021-Finans-Paneli-V3-scaled.jpg\" alt=\"\" width=\"495\" height=\"377\" \/><br \/>Moderat\u00f6r: \u0130lker Tabak \u2013 <\/strong>TBD Merkez Onur Kurulu \u00dcyesi<\/p>\n<p><strong>Konu\u015fmac\u0131lar:<br \/><\/strong><strong>Cemil \u015einasi T\u00fcr\u00fcn<\/strong> &#8211; Defterhane Blockchain Kurucusu<br \/><strong>Prof. Dr. Fatma \u00d6zkul<\/strong> \u2013 Bah\u00e7e\u015fehir \u00dcniversitesi \u00d6\u011fretim \u00dcyesi<br \/><strong>Dr. Bora Erdamar<\/strong> &#8211; Bah\u00e7e\u015fehir \u00dcniversitesi \u00d6\u011fretim \u00dcyesi\u00a0<\/p>\n<p>\u00a0<\/p>\n<\/td>\n<\/tr>\n<\/tbody>\n<\/table>\n<p>[\/et_pb_text][\/et_pb_column][\/et_pb_row][\/et_pb_section]<\/p>\n","protected":false},"excerpt":{"rendered":"<p>1. G\u00dcN \u2013 8 ARALIK 2021, \u00c7AR\u015eAMBA\u00a010:15 -11:00A\u00c7ILI\u015e KONU\u015eMALARIDeniz Tiryakio\u011flu\u00a0 \u00a0T\u00fcrkiye Bili\u015fim Derne\u011fi \u0130stanbul Y\u00f6netim Kurulu Ba\u015fkan\u0131Rahmi Aktepe\u00a0 \u00a0 \u00a0 \u00a0 \u00a0T\u00fcrkiye Bili\u015fim Derne\u011fi Genel Ba\u015fkan\u0131Ekrem \u0130mamo\u011flu\u00a0 \u00a0 \u00a0\u0130stanbul B\u00fcy\u00fck\u015fehir Belediye Ba\u015fkan\u0131\u00a0\u00a0\u00a0\u00a0\u00a011:00 \u2013 12:30Panel: AKILLI \u015eEH\u0130RLER -\u0130STANBUL&#8217; UN TEKNOLOJ\u0130 V\u0130ZYONUModerat\u00f6r: Dr. Naim Erol \u00d6zg\u00fcner, \u0130BB Bilgi \u0130\u015flem Daire Ba\u015fkan\u0131Konu\u015fmac\u0131lar:Melih Gecek &#8211; \u0130BB Teknoloji Koordinat\u00f6r\u00fcY\u00fccel Karadeniz [&hellip;]<\/p>\n","protected":false},"author":2,"featured_media":0,"parent":0,"menu_order":0,"comment_status":"closed","ping_status":"closed","template":"","meta":{"_et_pb_use_builder":"on","_et_pb_old_content":"","_et_gb_content_width":"","footnotes":""},"class_list":["post-64","page","type-page","status-publish","hentry"],"amp_enabled":true,"_links":{"self":[{"href":"https:\/\/www.istanbulbilisimkongresi.org.tr\/2021\/wp-json\/wp\/v2\/pages\/64","targetHints":{"allow":["GET"]}}],"collection":[{"href":"https:\/\/www.istanbulbilisimkongresi.org.tr\/2021\/wp-json\/wp\/v2\/pages"}],"about":[{"href":"https:\/\/www.istanbulbilisimkongresi.org.tr\/2021\/wp-json\/wp\/v2\/types\/page"}],"author":[{"embeddable":true,"href":"https:\/\/www.istanbulbilisimkongresi.org.tr\/2021\/wp-json\/wp\/v2\/users\/2"}],"replies":[{"embeddable":true,"href":"https:\/\/www.istanbulbilisimkongresi.org.tr\/2021\/wp-json\/wp\/v2\/comments?post=64"}],"version-history":[{"count":26,"href":"https:\/\/www.istanbulbilisimkongresi.org.tr\/2021\/wp-json\/wp\/v2\/pages\/64\/revisions"}],"predecessor-version":[{"id":144,"href":"https:\/\/www.istanbulbilisimkongresi.org.tr\/2021\/wp-json\/wp\/v2\/pages\/64\/revisions\/144"}],"wp:attachment":[{"href":"https:\/\/www.istanbulbilisimkongresi.org.tr\/2021\/wp-json\/wp\/v2\/media?parent=64"}],"curies":[{"name":"wp","href":"https:\/\/api.w.org\/{rel}","templated":true}]}}