{"id":49,"date":"2021-11-12T16:23:58","date_gmt":"2021-11-12T13:23:58","guid":{"rendered":"https:\/\/www.istanbulbilisimkongresi.org.tr\/2021\/?page_id=49"},"modified":"2021-11-12T16:35:06","modified_gmt":"2021-11-12T13:35:06","slug":"ibk-2021-hakkinda","status":"publish","type":"page","link":"https:\/\/www.istanbulbilisimkongresi.org.tr\/2021\/ibk-2021-hakkinda\/","title":{"rendered":"\u0130BK 2021 Hakk\u0131nda"},"content":{"rendered":"<p>[et_pb_section bb_built=&#8221;1&#8243; fullwidth=&#8221;on&#8221; specialty=&#8221;off&#8221; next_background_color=&#8221;#000000&#8243; inner_width=&#8221;auto&#8221; inner_max_width=&#8221;1080px&#8221;][et_pb_fullwidth_image _builder_version=&#8221;4.7.7&#8243; src=&#8221;https:\/\/www.istanbulbilisimkongresi.org.tr\/2021\/wp-content\/uploads\/sites\/13\/2021\/11\/ibk-2021-header.jpg&#8221; box_shadow_horizontal_tablet=&#8221;0px&#8221; box_shadow_vertical_tablet=&#8221;0px&#8221; box_shadow_blur_tablet=&#8221;40px&#8221; box_shadow_spread_tablet=&#8221;0px&#8221; vertical_offset_tablet=&#8221;0&#8243; horizontal_offset_tablet=&#8221;0&#8243; z_index_tablet=&#8221;0&#8243; \/][\/et_pb_section][et_pb_section bb_built=&#8221;1&#8243; prev_background_color=&#8221;#000000&#8243; inner_width=&#8221;auto&#8221; inner_max_width=&#8221;1080px&#8221;][et_pb_row][et_pb_column type=&#8221;4_4&#8243; custom_padding__hover=&#8221;|||&#8221; custom_padding=&#8221;|||&#8221;][et_pb_text background_position=&#8221;top_left&#8221; background_repeat=&#8221;repeat&#8221; background_size=&#8221;initial&#8221; _builder_version=&#8221;4.7.7&#8243; text_text_shadow_horizontal_length=&#8221;text_text_shadow_style,%91object Object%93&#8243; text_text_shadow_horizontal_length_tablet=&#8221;0px&#8221; text_text_shadow_vertical_length=&#8221;text_text_shadow_style,%91object Object%93&#8243; text_text_shadow_vertical_length_tablet=&#8221;0px&#8221; text_text_shadow_blur_strength=&#8221;text_text_shadow_style,%91object Object%93&#8243; text_text_shadow_blur_strength_tablet=&#8221;1px&#8221; link_text_shadow_horizontal_length=&#8221;link_text_shadow_style,%91object Object%93&#8243; link_text_shadow_horizontal_length_tablet=&#8221;0px&#8221; link_text_shadow_vertical_length=&#8221;link_text_shadow_style,%91object Object%93&#8243; link_text_shadow_vertical_length_tablet=&#8221;0px&#8221; link_text_shadow_blur_strength=&#8221;link_text_shadow_style,%91object Object%93&#8243; link_text_shadow_blur_strength_tablet=&#8221;1px&#8221; ul_text_shadow_horizontal_length=&#8221;ul_text_shadow_style,%91object Object%93&#8243; ul_text_shadow_horizontal_length_tablet=&#8221;0px&#8221; ul_text_shadow_vertical_length=&#8221;ul_text_shadow_style,%91object Object%93&#8243; ul_text_shadow_vertical_length_tablet=&#8221;0px&#8221; ul_text_shadow_blur_strength=&#8221;ul_text_shadow_style,%91object Object%93&#8243; ul_text_shadow_blur_strength_tablet=&#8221;1px&#8221; ol_text_shadow_horizontal_length=&#8221;ol_text_shadow_style,%91object Object%93&#8243; ol_text_shadow_horizontal_length_tablet=&#8221;0px&#8221; ol_text_shadow_vertical_length=&#8221;ol_text_shadow_style,%91object Object%93&#8243; ol_text_shadow_vertical_length_tablet=&#8221;0px&#8221; ol_text_shadow_blur_strength=&#8221;ol_text_shadow_style,%91object Object%93&#8243; ol_text_shadow_blur_strength_tablet=&#8221;1px&#8221; quote_text_shadow_horizontal_length=&#8221;quote_text_shadow_style,%91object Object%93&#8243; quote_text_shadow_horizontal_length_tablet=&#8221;0px&#8221; quote_text_shadow_vertical_length=&#8221;quote_text_shadow_style,%91object Object%93&#8243; quote_text_shadow_vertical_length_tablet=&#8221;0px&#8221; quote_text_shadow_blur_strength=&#8221;quote_text_shadow_style,%91object Object%93&#8243; quote_text_shadow_blur_strength_tablet=&#8221;1px&#8221; header_text_shadow_horizontal_length=&#8221;header_text_shadow_style,%91object Object%93&#8243; header_text_shadow_horizontal_length_tablet=&#8221;0px&#8221; header_text_shadow_vertical_length=&#8221;header_text_shadow_style,%91object Object%93&#8243; header_text_shadow_vertical_length_tablet=&#8221;0px&#8221; header_text_shadow_blur_strength=&#8221;header_text_shadow_style,%91object Object%93&#8243; header_text_shadow_blur_strength_tablet=&#8221;1px&#8221; header_2_text_shadow_horizontal_length=&#8221;header_2_text_shadow_style,%91object Object%93&#8243; header_2_text_shadow_horizontal_length_tablet=&#8221;0px&#8221; header_2_text_shadow_vertical_length=&#8221;header_2_text_shadow_style,%91object Object%93&#8243; header_2_text_shadow_vertical_length_tablet=&#8221;0px&#8221; header_2_text_shadow_blur_strength=&#8221;header_2_text_shadow_style,%91object Object%93&#8243; header_2_text_shadow_blur_strength_tablet=&#8221;1px&#8221; header_3_text_shadow_horizontal_length=&#8221;header_3_text_shadow_style,%91object Object%93&#8243; header_3_text_shadow_horizontal_length_tablet=&#8221;0px&#8221; header_3_text_shadow_vertical_length=&#8221;header_3_text_shadow_style,%91object Object%93&#8243; header_3_text_shadow_vertical_length_tablet=&#8221;0px&#8221; header_3_text_shadow_blur_strength=&#8221;header_3_text_shadow_style,%91object Object%93&#8243; header_3_text_shadow_blur_strength_tablet=&#8221;1px&#8221; header_4_text_shadow_horizontal_length=&#8221;header_4_text_shadow_style,%91object Object%93&#8243; header_4_text_shadow_horizontal_length_tablet=&#8221;0px&#8221; header_4_text_shadow_vertical_length=&#8221;header_4_text_shadow_style,%91object Object%93&#8243; header_4_text_shadow_vertical_length_tablet=&#8221;0px&#8221; header_4_text_shadow_blur_strength=&#8221;header_4_text_shadow_style,%91object Object%93&#8243; header_4_text_shadow_blur_strength_tablet=&#8221;1px&#8221; header_5_text_shadow_horizontal_length=&#8221;header_5_text_shadow_style,%91object Object%93&#8243; header_5_text_shadow_horizontal_length_tablet=&#8221;0px&#8221; header_5_text_shadow_vertical_length=&#8221;header_5_text_shadow_style,%91object Object%93&#8243; header_5_text_shadow_vertical_length_tablet=&#8221;0px&#8221; header_5_text_shadow_blur_strength=&#8221;header_5_text_shadow_style,%91object Object%93&#8243; header_5_text_shadow_blur_strength_tablet=&#8221;1px&#8221; header_6_text_shadow_horizontal_length=&#8221;header_6_text_shadow_style,%91object Object%93&#8243; header_6_text_shadow_horizontal_length_tablet=&#8221;0px&#8221; header_6_text_shadow_vertical_length=&#8221;header_6_text_shadow_style,%91object Object%93&#8243; header_6_text_shadow_vertical_length_tablet=&#8221;0px&#8221; header_6_text_shadow_blur_strength=&#8221;header_6_text_shadow_style,%91object Object%93&#8243; header_6_text_shadow_blur_strength_tablet=&#8221;1px&#8221; box_shadow_horizontal_tablet=&#8221;0px&#8221; box_shadow_vertical_tablet=&#8221;0px&#8221; box_shadow_blur_tablet=&#8221;40px&#8221; box_shadow_spread_tablet=&#8221;0px&#8221; vertical_offset_tablet=&#8221;0&#8243; horizontal_offset_tablet=&#8221;0&#8243; z_index_tablet=&#8221;0&#8243;]<\/p>\n<h2 style=\"text-align: center;\"><strong>15. \u0130stanbul Bili\u015fim Kongresi<\/strong><\/h2>\n<h3 style=\"text-align: center;\"><strong>\u201cMerkezi Olmayan Teknolojilerin Y\u00fckseli\u015fi<br \/>\nTeknoloji Tsunamisine Haz\u0131r Olun\u201d<\/strong><\/h3>\n<p style=\"text-align: center;\"><strong>8-9 Aral\u0131k 2021<\/strong><\/p>\n<p>&nbsp;<\/p>\n<p>T\u00fcrkiye Bili\u015fim Derne\u011fi \u0130stanbul \u015eubesi taraf\u0131ndan d\u00fczenlenen <strong>15. \u0130stanbul Bili\u015fim Kongremiz<\/strong> bu sene <strong>8-9 Aral\u0131k 2021<\/strong> tarihlerinde <strong>\u00e7evrim i\u00e7i<\/strong> olarak yap\u0131lacakt\u0131r. Temam\u0131z <strong>\u201cMerkezi Olmayan Teknolojilerin Y\u00fckseli\u015fi; Teknoloji Tsunamisine Haz\u0131r Olun\u201d<\/strong><\/p>\n<p>Her sene fark yaratan bir temayla Aral\u0131k ay\u0131nda d\u00fczenledi\u011fimiz ve bir marka olan <strong>\u0130stanbul Bili\u015fim Kongremiz<\/strong> herkes taraf\u0131ndan merakla beklenmektedir. Kamu, Yerel Y\u00f6netimler, \u00dcniversiteler, Sivil Toplum Kurulu\u015flar\u0131 ve \u00d6zel Sekt\u00f6r payda\u015flar\u0131m\u0131zla beraber d\u00fczenledi\u011fimiz kongremizde amac\u0131m\u0131z; say\u0131sal (dijital) d\u00f6n\u00fc\u015f\u00fcm\u00fcn h\u0131zlanmas\u0131 ile d\u00fcnyada ve \u00fclkemizde Merkezi Olmayan Teknolojilerin Y\u00fckseli\u015fi ve i\u00e7inde bulundu\u011fumuz teknoloji tsunamileri ile de\u011fi\u015fmekte olan i\u015f, ticaret ve ya\u015fam stillerinde fark\u0131ndal\u0131k yaratmak, \u00fclke ekonomisine katk\u0131 sa\u011flayarak gelece\u011fe \u0131\u015f\u0131k tutmakt\u0131r. Kongre panellerimizde teknolojik tsunamilerin Ak\u0131ll\u0131 \u015eehirlere, KOB\u0130\u2019lere, Ticarete Etkisini, Yeni Finansal Sistemleri, Afet Bili\u015fimini, Ye\u015fil Teknoloji ve Giri\u015fimleri, Teknolojik Geli\u015fmelerin D\u00fcnyada ve \u00dclkemizdeki son durum bilgilerini \u00fcst d\u00fczey yetkililerimizden ve konular\u0131nda uzman konuklar\u0131m\u0131zdan dinleyece\u011fiz.<\/p>\n<p>&nbsp;<\/p>\n<p><strong>Sayg\u0131lar\u0131m\u0131zla<\/strong><\/p>\n<p>&nbsp;<\/p>\n<p><strong>T\u00fcrkiye Bili\u015fim Derne\u011fi<\/strong><br \/>\n<strong>\u0130stanbul \u015eube Y\u00f6netim Kurulu<\/strong><\/p>\n<p>[\/et_pb_text][\/et_pb_column][\/et_pb_row][\/et_pb_section]<\/p>\n","protected":false},"excerpt":{"rendered":"<p><div class=\"et_pb_row et_pb_row_0 et_pb_row_empty\">\n\t\t\t\t\n\t\t\t\t\n\t\t\t\t\n\t\t\t\t\n\t\t\t\t\n\t\t\t<\/div> 15. \u0130stanbul Bili\u015fim Kongresi \u201cMerkezi Olmayan Teknolojilerin Y\u00fckseli\u015fi Teknoloji Tsunamisine Haz\u0131r Olun\u201d 8-9 Aral\u0131k 2021 &nbsp; T\u00fcrkiye Bili\u015fim Derne\u011fi \u0130stanbul \u015eubesi taraf\u0131ndan d\u00fczenlenen 15. \u0130stanbul Bili\u015fim Kongremiz bu sene 8-9 Aral\u0131k 2021 tarihlerinde \u00e7evrim i\u00e7i olarak yap\u0131lacakt\u0131r. Temam\u0131z \u201cMerkezi Olmayan Teknolojilerin Y\u00fckseli\u015fi; Teknoloji Tsunamisine Haz\u0131r Olun\u201d Her sene fark yaratan bir temayla Aral\u0131k ay\u0131nda [&hellip;]<\/p>\n","protected":false},"author":2,"featured_media":0,"parent":0,"menu_order":0,"comment_status":"closed","ping_status":"closed","template":"","meta":{"_et_pb_use_builder":"on","_et_pb_old_content":"","_et_gb_content_width":"","footnotes":""},"class_list":["post-49","page","type-page","status-publish","hentry"],"amp_enabled":true,"_links":{"self":[{"href":"https:\/\/www.istanbulbilisimkongresi.org.tr\/2021\/wp-json\/wp\/v2\/pages\/49","targetHints":{"allow":["GET"]}}],"collection":[{"href":"https:\/\/www.istanbulbilisimkongresi.org.tr\/2021\/wp-json\/wp\/v2\/pages"}],"about":[{"href":"https:\/\/www.istanbulbilisimkongresi.org.tr\/2021\/wp-json\/wp\/v2\/types\/page"}],"author":[{"embeddable":true,"href":"https:\/\/www.istanbulbilisimkongresi.org.tr\/2021\/wp-json\/wp\/v2\/users\/2"}],"replies":[{"embeddable":true,"href":"https:\/\/www.istanbulbilisimkongresi.org.tr\/2021\/wp-json\/wp\/v2\/comments?post=49"}],"version-history":[{"count":4,"href":"https:\/\/www.istanbulbilisimkongresi.org.tr\/2021\/wp-json\/wp\/v2\/pages\/49\/revisions"}],"predecessor-version":[{"id":53,"href":"https:\/\/www.istanbulbilisimkongresi.org.tr\/2021\/wp-json\/wp\/v2\/pages\/49\/revisions\/53"}],"wp:attachment":[{"href":"https:\/\/www.istanbulbilisimkongresi.org.tr\/2021\/wp-json\/wp\/v2\/media?parent=49"}],"curies":[{"name":"wp","href":"https:\/\/api.w.org\/{rel}","templated":true}]}}