{"id":167,"date":"2019-10-02T15:38:55","date_gmt":"2019-10-02T12:38:55","guid":{"rendered":"http:\/\/www.istanbulbilisimkongresi.org.tr\/2019\/?page_id=167"},"modified":"2019-12-02T20:32:36","modified_gmt":"2019-12-02T17:32:36","slug":"ibk-2019-akademik-bildiri-katilim-cagrisi","status":"publish","type":"page","link":"https:\/\/www.istanbulbilisimkongresi.org.tr\/2019\/ibk-2019-akademik-bildiri-katilim-cagrisi\/","title":{"rendered":"Bildiri Kat\u0131l\u0131m \u00c7a\u011fr\u0131s\u0131"},"content":{"rendered":"<p>[et_pb_section bb_built=&#8221;1&#8243; fullwidth=&#8221;on&#8221; specialty=&#8221;off&#8221; next_background_color=&#8221;#000000&#8243;][et_pb_fullwidth_image _builder_version=&#8221;3.26.3&#8243; src=&#8221;http:\/\/www.istanbulbilisimkongresi.org.tr\/2019\/wp-content\/uploads\/sites\/8\/2019\/09\/IBK_2019_UBanner.jpg&#8221; box_shadow_horizontal_tablet=&#8221;0px&#8221; box_shadow_vertical_tablet=&#8221;0px&#8221; box_shadow_blur_tablet=&#8221;40px&#8221; box_shadow_spread_tablet=&#8221;0px&#8221; z_index_tablet=&#8221;500&#8243; \/][\/et_pb_section][et_pb_section bb_built=&#8221;1&#8243; inner_width=&#8221;auto&#8221; inner_max_width=&#8221;1080px&#8221; prev_background_color=&#8221;#000000&#8243;][et_pb_row][et_pb_column type=&#8221;4_4&#8243; custom_padding__hover=&#8221;|||&#8221; custom_padding=&#8221;|||&#8221;][et_pb_text _builder_version=&#8221;3.26.3&#8243; text_text_shadow_horizontal_length=&#8221;text_text_shadow_style,%91object Object%93&#8243; text_text_shadow_horizontal_length_tablet=&#8221;0px&#8221; text_text_shadow_vertical_length=&#8221;text_text_shadow_style,%91object Object%93&#8243; text_text_shadow_vertical_length_tablet=&#8221;0px&#8221; text_text_shadow_blur_strength=&#8221;text_text_shadow_style,%91object Object%93&#8243; text_text_shadow_blur_strength_tablet=&#8221;1px&#8221; link_text_shadow_horizontal_length=&#8221;link_text_shadow_style,%91object Object%93&#8243; link_text_shadow_horizontal_length_tablet=&#8221;0px&#8221; link_text_shadow_vertical_length=&#8221;link_text_shadow_style,%91object Object%93&#8243; link_text_shadow_vertical_length_tablet=&#8221;0px&#8221; link_text_shadow_blur_strength=&#8221;link_text_shadow_style,%91object Object%93&#8243; link_text_shadow_blur_strength_tablet=&#8221;1px&#8221; ul_text_shadow_horizontal_length=&#8221;ul_text_shadow_style,%91object Object%93&#8243; ul_text_shadow_horizontal_length_tablet=&#8221;0px&#8221; ul_text_shadow_vertical_length=&#8221;ul_text_shadow_style,%91object Object%93&#8243; ul_text_shadow_vertical_length_tablet=&#8221;0px&#8221; ul_text_shadow_blur_strength=&#8221;ul_text_shadow_style,%91object Object%93&#8243; ul_text_shadow_blur_strength_tablet=&#8221;1px&#8221; ol_text_shadow_horizontal_length=&#8221;ol_text_shadow_style,%91object Object%93&#8243; ol_text_shadow_horizontal_length_tablet=&#8221;0px&#8221; ol_text_shadow_vertical_length=&#8221;ol_text_shadow_style,%91object Object%93&#8243; ol_text_shadow_vertical_length_tablet=&#8221;0px&#8221; ol_text_shadow_blur_strength=&#8221;ol_text_shadow_style,%91object Object%93&#8243; ol_text_shadow_blur_strength_tablet=&#8221;1px&#8221; quote_text_shadow_horizontal_length=&#8221;quote_text_shadow_style,%91object Object%93&#8243; quote_text_shadow_horizontal_length_tablet=&#8221;0px&#8221; quote_text_shadow_vertical_length=&#8221;quote_text_shadow_style,%91object Object%93&#8243; quote_text_shadow_vertical_length_tablet=&#8221;0px&#8221; quote_text_shadow_blur_strength=&#8221;quote_text_shadow_style,%91object Object%93&#8243; quote_text_shadow_blur_strength_tablet=&#8221;1px&#8221; header_text_shadow_horizontal_length=&#8221;header_text_shadow_style,%91object Object%93&#8243; header_text_shadow_horizontal_length_tablet=&#8221;0px&#8221; header_text_shadow_vertical_length=&#8221;header_text_shadow_style,%91object Object%93&#8243; header_text_shadow_vertical_length_tablet=&#8221;0px&#8221; header_text_shadow_blur_strength=&#8221;header_text_shadow_style,%91object Object%93&#8243; header_text_shadow_blur_strength_tablet=&#8221;1px&#8221; header_2_text_shadow_horizontal_length=&#8221;header_2_text_shadow_style,%91object Object%93&#8243; header_2_text_shadow_horizontal_length_tablet=&#8221;0px&#8221; header_2_text_shadow_vertical_length=&#8221;header_2_text_shadow_style,%91object Object%93&#8243; header_2_text_shadow_vertical_length_tablet=&#8221;0px&#8221; header_2_text_shadow_blur_strength=&#8221;header_2_text_shadow_style,%91object Object%93&#8243; header_2_text_shadow_blur_strength_tablet=&#8221;1px&#8221; header_3_text_shadow_horizontal_length=&#8221;header_3_text_shadow_style,%91object Object%93&#8243; header_3_text_shadow_horizontal_length_tablet=&#8221;0px&#8221; header_3_text_shadow_vertical_length=&#8221;header_3_text_shadow_style,%91object Object%93&#8243; header_3_text_shadow_vertical_length_tablet=&#8221;0px&#8221; header_3_text_shadow_blur_strength=&#8221;header_3_text_shadow_style,%91object Object%93&#8243; header_3_text_shadow_blur_strength_tablet=&#8221;1px&#8221; header_4_text_shadow_horizontal_length=&#8221;header_4_text_shadow_style,%91object Object%93&#8243; header_4_text_shadow_horizontal_length_tablet=&#8221;0px&#8221; header_4_text_shadow_vertical_length=&#8221;header_4_text_shadow_style,%91object Object%93&#8243; header_4_text_shadow_vertical_length_tablet=&#8221;0px&#8221; header_4_text_shadow_blur_strength=&#8221;header_4_text_shadow_style,%91object Object%93&#8243; header_4_text_shadow_blur_strength_tablet=&#8221;1px&#8221; header_5_text_shadow_horizontal_length=&#8221;header_5_text_shadow_style,%91object Object%93&#8243; header_5_text_shadow_horizontal_length_tablet=&#8221;0px&#8221; header_5_text_shadow_vertical_length=&#8221;header_5_text_shadow_style,%91object Object%93&#8243; header_5_text_shadow_vertical_length_tablet=&#8221;0px&#8221; header_5_text_shadow_blur_strength=&#8221;header_5_text_shadow_style,%91object Object%93&#8243; header_5_text_shadow_blur_strength_tablet=&#8221;1px&#8221; header_6_text_shadow_horizontal_length=&#8221;header_6_text_shadow_style,%91object Object%93&#8243; header_6_text_shadow_horizontal_length_tablet=&#8221;0px&#8221; header_6_text_shadow_vertical_length=&#8221;header_6_text_shadow_style,%91object Object%93&#8243; header_6_text_shadow_vertical_length_tablet=&#8221;0px&#8221; header_6_text_shadow_blur_strength=&#8221;header_6_text_shadow_style,%91object Object%93&#8243; header_6_text_shadow_blur_strength_tablet=&#8221;1px&#8221; box_shadow_horizontal_tablet=&#8221;0px&#8221; box_shadow_vertical_tablet=&#8221;0px&#8221; box_shadow_blur_tablet=&#8221;40px&#8221; box_shadow_spread_tablet=&#8221;0px&#8221; z_index_tablet=&#8221;500&#8243;]<\/p>\n<h3 style=\"text-align: center;\"><strong>13. \u0130STANBUL B\u0130L\u0130\u015e\u0130M KONGRES\u0130 \u2013 \u0130BK-2019<\/strong><\/h3>\n<h4 style=\"text-align: center;\"><strong>Akademik Bildiri Kat\u0131l\u0131m \u00c7a\u011fr\u0131s\u0131<br \/><\/strong><strong>05 Aral\u0131k 2019 &#8211; Bah\u00e7e\u015fehir \u00dcniversitesi<\/strong><\/h4>\n<p>De\u011ferli Akademisyenler ve Ara\u015ft\u0131rmac\u0131lar,<\/p>\n<p>T\u00fcrkiye Bili\u015fim Derne\u011fi \u0130stanbul \u015eubesi olarak Bah\u00e7e\u015fehir \u00dcniversitesi ile birlikte\u00a0<strong>05 Aral\u0131k 2019<\/strong>\u00a0tarihinde\u00a0<strong>13. \u0130stanbul Bili\u015fim Kongresi: \u201cDijital \u00c7a\u011f: Verinin Evrimi Ticaretin Devrimi\u201d<\/strong>\u00a0temas\u0131 ile yap\u0131lacakt\u0131r. Sizleri\u00a0<strong>\u0130stanbul Bah\u00e7e\u015fehir \u00dcniversitesi Be\u015fikta\u015f Kamp\u00fcs\u00fc<\/strong>\u2019ne davet etmekten mutluluk ve onur duyuyoruz.<\/p>\n<p>\u0130stanbul Bili\u015fim Kongresinde\u00a0<strong>Dijital D\u00f6n\u00fc\u015f\u00fcm ve End\u00fcstri 4.0, 5G ve Yeni Teknolojiler, Ak\u0131ll\u0131 \u015eehirler, Veri Madencili\u011fi, Yapay Zeka, Makine \u00d6\u011frenmesi, Giri\u015fimcilik, Bulut Bili\u015fim ve Siber G\u00fcvenlik<\/strong>\u00a0konular\u0131 panel ve bildiriler ile i\u015flenecektir. Kongremiz; \u00c7a\u011fr\u0131l\u0131 Konu\u015fmac\u0131, A\u00e7\u0131k oturum, Panel, Akademik Bildiriler, \u00dcr\u00fcn Tan\u0131t\u0131m Stantlar\u0131, Sekt\u00f6rel ve Sosyal Etkinlikler ger\u00e7ekle\u015ftirilecektir.<\/p>\n<p>Kongrede akademik bildiri oturumlar\u0131nda ara\u015ft\u0131rmac\u0131lar\u0131n bildirileri kabul edilecektir. Bildiri \u00f6zetleri, hakem incelemesinden sonra\u00a0<strong>s\u00f6zl\u00fc<\/strong>\u00a0ya da\u00a0<strong>poster<\/strong> bildiri olarak kabul edilecek, 250TL kongre kat\u0131l\u0131m \u00f6demesi yap\u0131lm\u0131\u015f olan yazarlar\u0131n bildirileri konu ba\u015fl\u0131klar\u0131na g\u00f6re s\u0131n\u0131fland\u0131r\u0131larak programda yer alacakt\u0131r. Kongre sunumlardan sonra \u00f6deme yapan ve akademik bildiri sunan kat\u0131l\u0131mc\u0131lara \u0131slak imzal\u0131 kat\u0131l\u0131m belgesi takdim edilecektir.<\/p>\n<p>Programda yer alarak sunulmu\u015f bildiriler aras\u0131ndan se\u00e7ilen bildiri tam metinleri, hakem de\u011ferlendirme s\u00fcrecinden ge\u00e7ecek, kabul edilenler yay\u0131nevi taraf\u0131ndan <strong>Akademik Te\u015fvik Y\u00f6netmeli\u011fine uygun ISBN numaras\u0131 olan b\u00f6l\u00fcml\u00fc kitap olarak yay\u0131nlanacakt\u0131r. <\/strong>G\u00f6nderilecek ara\u015ft\u0131rma \u00f6zet ve tam metinleri <a href=\"https:\/\/www.istanbulbilisimkongresi.org.tr\/2019\/\"><strong>https:\/\/www.istanbulbilisimkongresi.org.tr\/2019\/<\/strong><\/a> adresindeki web sayfas\u0131nda yay\u0131nlanm\u0131\u015f olan Bildiri Haz\u0131rlama K\u0131lavuzu ve \u00d6rnek Bildiri \u015fablonuna uygun olarak haz\u0131rlanmal\u0131d\u0131r.<\/p>\n<p>Sempozyum dili T\u00fcrk\u00e7e olup, g\u00f6nderilen bildiri \u00f6zet ve tam metinleri, T\u00fcrk\u00e7e haz\u0131rlanmal\u0131, ancak \u0130ngilizce \u00f6zet ve anahtar kelimeler eklenmelidir. Kat\u0131l\u0131mc\u0131lar\u0131n bildiri \u00f6zetlerini en az 300 en fazla 500 s\u00f6zc\u00fck ile ama\u00e7, kapsam metodoloji ve sonu\u00e7lar\u0131n belirtildi\u011fi \u00f6zet ile g\u00f6ndermeleri, kabul edilecek bildirilerini 20 dakikay\u0131 ge\u00e7meyecek s\u00fcre ile s\u00f6zl\u00fc olarak sunmalar\u0131, se\u00e7ilecek bildirilerin bas\u0131lmas\u0131 i\u00e7in tam metin olarak g\u00f6ndermeleri beklenmektedir.<\/p>\n<ul>\n<li><strong><a href=\"http:\/\/www.istanbulbilisimkongresi.org.tr\/2019\/wp-content\/uploads\/sites\/8\/2019\/10\/IBK-Ornek-Ozet-Bildiri-SABLONU.docx\">\u00d6rnek \u00d6zet Bildiri \u015eablonu buradan indirebilirsiniz.<\/a><br \/><\/strong><\/li>\n<li><strong><a href=\"http:\/\/www.istanbulbilisimkongresi.org.tr\/2019\/wp-content\/uploads\/sites\/8\/2019\/10\/IBK-Ornek-Tam-Metin-Bildiri-SABLONU.docx\">\u00d6rnek Tam Metin Bildiri \u015eablonu buradan indirebilirsiniz.<\/a><\/strong><\/li>\n<\/ul>\n<p>Kongre ile ilgili t\u00fcm detaylar\u0131, konular\u0131, kay\u0131t ve kat\u0131l\u0131m bilgilerini, bildiri \u00f6zet ve tam metin k\u0131lavuzu vb. bir\u00e7ok bilgiyi <a href=\"https:\/\/www.istanbulbilisimkongresi.org.tr\/2019\/\"><strong>https:\/\/www.istanbulbilisimkongresi.org.tr\/2019\/<\/strong><\/a> adresindeki kongre internet sayfalar\u0131 \u00fczerinde bulabilirsiniz. L\u00fctfen kongremizin \u00e7evrenizdeki <strong>akademisyen ve ara\u015ft\u0131rmac\u0131lar ile ilgili ki\u015filere ula\u015ft\u0131r\u0131lmas\u0131 konusunda destek olunuz.<\/strong><\/p>\n<p>Akademik konular ile ilgili soru ve \u00f6nerileriniz i\u00e7in &lt;bildiri@istanbulbilisimkongresi.org.tr&gt;\u00a0 adresini kullanabilirsiniz. <br \/>Ayr\u0131nt\u0131l\u0131 bilgi http:\/\/www.istanbulbilisimkongresi.org.tr\/2019\/<\/p>\n<p><strong>\u00d6NEML\u0130 TAR\u0130HLER<\/strong><\/p>\n<ul>\n<li>Bildiri \u00d6zet G\u00f6nderilmesi Son Tarih\u00a0\u00a0\u00a0\u00a0\u00a0\u00a0\u00a0\u00a0\u00a0\u00a0\u00a0\u00a0\u00a0\u00a0\u00a0\u00a0\u00a0\u00a0\u00a0\u00a0\u00a0\u00a0\u00a0\u00a0\u00a0\u00a0\u00a0\u00a0\u00a0\u00a0\u00a0\u00a0\u00a0\u00a0\u00a0\u00a0\u00a0\u00a0\u00a0\u00a0\u00a0\u00a0\u00a0\u00a0\u00a0\u00a0\u00a0\u00a0\u00a0\u00a0\u00a0 17 Kas\u0131m 2019<\/li>\n<li>Kabul Edilen Bildirilerin Yazarlar\u0131na Geri Bildirimi\u00a0\u00a0\u00a0\u00a0\u00a0\u00a0\u00a0\u00a0\u00a0\u00a0\u00a0\u00a0\u00a0\u00a0\u00a0\u00a0\u00a0\u00a0\u00a0\u00a0\u00a0\u00a0\u00a0\u00a0\u00a0\u00a0\u00a0\u00a0 25 Kas\u0131m 2019<\/li>\n<li>Kay\u0131t ve Kat\u0131l\u0131m \u00dccretinin Yat\u0131r\u0131lmas\u0131 Son Tarih\u00a0\u00a0\u00a0\u00a0\u00a0\u00a0\u00a0\u00a0\u00a0\u00a0\u00a0\u00a0\u00a0\u00a0\u00a0\u00a0\u00a0\u00a0\u00a0\u00a0\u00a0\u00a0\u00a0\u00a0\u00a0\u00a0\u00a0\u00a0\u00a0\u00a0\u00a0\u00a0\u00a0 27 Kas\u0131m 2019<\/li>\n<li>Kongre Akademik Bildiri Program\u0131n\u0131n \u0130lan\u0131\u00a0\u00a0\u00a0\u00a0\u00a0\u00a0\u00a0\u00a0\u00a0\u00a0\u00a0\u00a0\u00a0\u00a0\u00a0\u00a0\u00a0\u00a0\u00a0\u00a0\u00a0\u00a0\u00a0\u00a0\u00a0\u00a0\u00a0\u00a0\u00a0\u00a0\u00a0\u00a0\u00a0\u00a0\u00a0\u00a0\u00a0\u00a0\u00a0\u00a0\u00a0 29 Kas\u0131m 2019<\/li>\n<li><strong>13. \u0130STANBUL B\u0130L\u0130\u015e\u0130M KONGRES\u0130<\/strong> \u00a0\u00a0\u00a0\u00a0\u00a0\u00a0\u00a0\u00a0\u00a0\u00a0\u00a0\u00a0\u00a0\u00a0\u00a0\u00a0\u00a0\u00a0\u00a0\u00a0\u00a0\u00a0\u00a0\u00a0\u00a0\u00a0\u00a0\u00a0\u00a0\u00a0\u00a0\u00a0\u00a0\u00a0\u00a0\u00a0\u00a0\u00a0\u00a0\u00a0\u00a0\u00a0\u00a0\u00a0\u00a0\u00a0\u00a0\u00a0\u00a0\u00a0\u00a0 <strong>05 Aral\u0131k 2019<\/strong><\/li>\n<li>Kabul Edilen <strong>Tam Metin<\/strong> Bildirilerin G\u00f6nderilmesi Son Tarih\u00a0\u00a0\u00a0\u00a0\u00a0\u00a0\u00a0\u00a0\u00a0\u00a0\u00a0\u00a0\u00a0 10 \u015eubat\u00a0\u00a0 2020<\/li>\n<\/ul>\n<p>&nbsp;<\/p>\n<p><strong>Prof. Dr. M. Erdal BALABAN<\/strong><br \/>Kongre Akademik Kurul Ba\u015fkan\u0131<br \/>\u0130stanbul Geli\u015fim \u00dcniversitesi<br \/>Y\u00f6netim Bili\u015fim Sistemleri B\u00f6l\u00fcm\u00fc<\/p>\n<p>&nbsp;<\/p>\n<p>[\/et_pb_text][\/et_pb_column][\/et_pb_row][\/et_pb_section]<\/p>\n","protected":false},"excerpt":{"rendered":"<p><div class=\"et_pb_row et_pb_row_0 et_pb_row_empty\">\n\t\t\t\t\n\t\t\t\t\n\t\t\t\t\n\t\t\t\t\n\t\t\t\t\n\t\t\t<\/div> 13. \u0130STANBUL B\u0130L\u0130\u015e\u0130M KONGRES\u0130 \u2013 \u0130BK-2019 Akademik Bildiri Kat\u0131l\u0131m \u00c7a\u011fr\u0131s\u013105 Aral\u0131k 2019 &#8211; Bah\u00e7e\u015fehir \u00dcniversitesi De\u011ferli Akademisyenler ve Ara\u015ft\u0131rmac\u0131lar, T\u00fcrkiye Bili\u015fim Derne\u011fi \u0130stanbul \u015eubesi olarak Bah\u00e7e\u015fehir \u00dcniversitesi ile birlikte\u00a005 Aral\u0131k 2019\u00a0tarihinde\u00a013. \u0130stanbul Bili\u015fim Kongresi: \u201cDijital \u00c7a\u011f: Verinin Evrimi Ticaretin Devrimi\u201d\u00a0temas\u0131 ile yap\u0131lacakt\u0131r. Sizleri\u00a0\u0130stanbul Bah\u00e7e\u015fehir \u00dcniversitesi Be\u015fikta\u015f Kamp\u00fcs\u00fc\u2019ne davet etmekten mutluluk ve onur duyuyoruz. \u0130stanbul [&hellip;]<\/p>\n","protected":false},"author":2,"featured_media":0,"parent":0,"menu_order":0,"comment_status":"closed","ping_status":"closed","template":"","meta":{"_et_pb_use_builder":"on","_et_pb_old_content":"","_et_gb_content_width":"","footnotes":""},"class_list":["post-167","page","type-page","status-publish","hentry"],"amp_enabled":true,"_links":{"self":[{"href":"https:\/\/www.istanbulbilisimkongresi.org.tr\/2019\/wp-json\/wp\/v2\/pages\/167","targetHints":{"allow":["GET"]}}],"collection":[{"href":"https:\/\/www.istanbulbilisimkongresi.org.tr\/2019\/wp-json\/wp\/v2\/pages"}],"about":[{"href":"https:\/\/www.istanbulbilisimkongresi.org.tr\/2019\/wp-json\/wp\/v2\/types\/page"}],"author":[{"embeddable":true,"href":"https:\/\/www.istanbulbilisimkongresi.org.tr\/2019\/wp-json\/wp\/v2\/users\/2"}],"replies":[{"embeddable":true,"href":"https:\/\/www.istanbulbilisimkongresi.org.tr\/2019\/wp-json\/wp\/v2\/comments?post=167"}],"version-history":[{"count":7,"href":"https:\/\/www.istanbulbilisimkongresi.org.tr\/2019\/wp-json\/wp\/v2\/pages\/167\/revisions"}],"predecessor-version":[{"id":306,"href":"https:\/\/www.istanbulbilisimkongresi.org.tr\/2019\/wp-json\/wp\/v2\/pages\/167\/revisions\/306"}],"wp:attachment":[{"href":"https:\/\/www.istanbulbilisimkongresi.org.tr\/2019\/wp-json\/wp\/v2\/media?parent=167"}],"curies":[{"name":"wp","href":"https:\/\/api.w.org\/{rel}","templated":true}]}}