{"id":497,"date":"2017-11-21T15:07:38","date_gmt":"2017-11-21T13:07:38","guid":{"rendered":"http:\/\/www.istanbulbilisimkongresi.org.tr\/2017\/?page_id=497"},"modified":"2017-11-30T15:49:49","modified_gmt":"2017-11-30T13:49:49","slug":"blockchain-bitcoin-ve-e-para-e-para-yeni-finansal-sistemler-regulasyonlar","status":"publish","type":"page","link":"http:\/\/www.istanbulbilisimkongresi.org.tr\/2017\/program\/blockchain-bitcoin-ve-e-para-e-para-yeni-finansal-sistemler-regulasyonlar\/","title":{"rendered":"Blockchain, Bitcoin ve E-para: e-Para, Yeni Finansal Sistemler, Reg\u00fclasyonlar"},"content":{"rendered":"<p>[et_pb_section bb_built=&#8221;1&#8243; admin_label=&#8221;section&#8221; _builder_version=&#8221;3.0.51&#8243; use_background_color_gradient=&#8221;on&#8221; background_color_gradient_start=&#8221;rgba(0,0,0,0.12)&#8221; background_color_gradient_end=&#8221;rgba(188,198,177,0.53)&#8221;][et_pb_row admin_label=&#8221;row&#8221; background_position=&#8221;top_left&#8221; background_repeat=&#8221;repeat&#8221; background_size=&#8221;initial&#8221;][et_pb_column type=&#8221;1_2&#8243;][et_pb_text admin_label=&#8221;Metin&#8221; background_position=&#8221;top_left&#8221; background_repeat=&#8221;repeat&#8221; background_size=&#8221;initial&#8221; _builder_version=&#8221;3.0.51&#8243; background_layout=&#8221;light&#8221; text_orientation=&#8221;left&#8221; border_style=&#8221;solid&#8221;]<\/p>\n<p><strong>Blockchain, Bitcoin ve E-para: e-Para, Yeni Finansal Sistemler, Reg\u00fclasyonlar<br \/>\n<\/strong>Moderat\u00f6r : <strong>Mehmet GERZ<\/strong> &#8211; Ata Portfoy Y\u00f6netimi Genel M\u00fcd\u00fcr<\/p>\n<ul>\n<li><strong>Cemil \u015einasi T\u00dcR\u00dcN<\/strong> &#8211; Blockchain Evangelist, CTO TC-Coin.<\/li>\n<li><strong>\u0130smail Hakk\u0131 POLAT<\/strong>, Kadir Has \u00dcnv. \u00d6\u011fretim G\u00f6revlisi<\/li>\n<\/ul>\n<p>&nbsp;<\/p>\n<p><strong><img loading=\"lazy\" decoding=\"async\" class=\"size-thumbnail wp-image-525 alignleft\" src=\"http:\/\/www.istanbulbilisimkongresi.org.tr\/2017\/wp-content\/uploads\/Mehmet-Gerz-200x200.jpg\" alt=\"\" width=\"200\" height=\"200\" \/>Mehmet GERZ: <\/strong>Ata Portf\u00f6y Y\u00f6netimi\u2019nde genel m\u00fcd\u00fcr ve CIO (\u201cChief Investment Officer\u201d) olarak g\u00f6rev yapan Mehmet Gerz\u2019in yat\u0131r\u0131m sekt\u00f6r\u00fcnde 22 y\u0131ll\u0131k deneyimi bulunmaktad\u0131r. Ata Portf\u00f6y, Forbes\u2019un be\u015f y\u0131ll\u0131k getiri s\u0131ralamas\u0131nda alt\u0131 kategorinin d\u00f6rd\u00fcnde ilk ikide yer alan tek portf\u00f6y y\u00f6netim \u015firketidir.<br \/>\nDaha \u00f6nce Drake Capital T\u00fcrkiye genel m\u00fcd\u00fcr\u00fc olan Gerz, Yap\u0131 Kredi Yat\u0131r\u0131m\u2019da genel m\u00fcd\u00fcr yard\u0131mc\u0131s\u0131, Bay\u0131nd\u0131r Menkul, Oyak Yat\u0131r\u0131m, GFC Menkul ve Sparx adl\u0131 Japon fon y\u00f6netim \u015firketinde ara\u015ft\u0131rma m\u00fcd\u00fcrl\u00fc\u011f\u00fc yapt\u0131.<br \/>\nBo\u011fazici \u00dcniversitesi Elektrik-Elektronik M\u00fchendisli\u011fi mezunu olan Gerz, ABD\u2019de University of Maryland\u2019de finans alan\u0131nda \u00e7ift dal y\u00fcksek lisans (MBA\/MS) e\u011fitimini TEV bursu ile tamamlad\u0131. \u0130T\u00dc\u2019de emeklilik fonlar\u0131nda varl\u0131k da\u011f\u0131l\u0131m\u0131 modelleri konusunda doktora tez \u00e7al\u0131\u015fmas\u0131na 2017\u2019de ara veren Gerz bu modeli Allianz Ya\u015fam &#8211; Ata Holding BES Plan\u0131 ile uygulamaya soktu. FODER dan\u0131\u015fma kurulu ve Rize Vakf\u0131\u2019nda y\u00f6netim kurulu \u00fcyeli\u011fi yapan Gerz 10 y\u0131ld\u0131r Capital adl\u0131 ayl\u0131k dergide Piyasalar adl\u0131 bir k\u00f6\u015fe yazmaktad\u0131r. Evli ve iki \u00e7ocuk sahibi olan Gerz, iyi derecede \u0130ngilizce bilmektedir.<\/p>\n<p>&nbsp;<\/p>\n<p><img loading=\"lazy\" decoding=\"async\" class=\"alignleft wp-image-524 size-thumbnail\" src=\"http:\/\/www.istanbulbilisimkongresi.org.tr\/2017\/wp-content\/uploads\/Cemil-Sinasi-Turun-200x200.png\" alt=\"\" width=\"200\" height=\"200\" \/><strong>Cemil \u015einasi T\u00dcR\u00dcN<\/strong>: Blockchain evangelist ve giri\u015fimcidir. Bo\u011fazi\u00e7i \u00dcniversitesi Elektrik Elektronik m\u00fchendisli\u011fi ve Bilkent G\u00fczel Sanatlar Fak\u00fcltesi, Bilgisayar Grafi\u011fi master derecesi vard\u0131r. 1995&#8217;den bu yana T\u00fcrkiye&#8217;nin ilk web siteleri, ilk yerli 3D bilgisayar oyunlar\u0131, \u00fc\u00e7 boyutlu online d\u00fcnyalar, dijital puan\/para i\u00e7eren, milyonlarca ki\u015fiye eri\u015fmi\u015f pazarlama kampanyalar\u0131 gibi pek \u00e7ok \u00fcr\u00fcn\u00fcn \u00fcretilmesinde etkin rol oynam\u0131\u015ft\u0131r. \u015eu anda blockchain teknolojisi kullanan ve dijital puanlarla ilgili TC-Coin isimli yeni start-up&#8217;\u0131n teknoloji m\u00fcd\u00fcr\u00fcd\u00fcr.<\/p>\n<p>&nbsp;<\/p>\n<p>&nbsp;<\/p>\n<p><img loading=\"lazy\" decoding=\"async\" class=\"wp-image-626 alignleft\" src=\"http:\/\/www.istanbulbilisimkongresi.org.tr\/2017\/wp-content\/uploads\/\u0130smail-Hakk\u0131-291x400.jpg\" alt=\"\" width=\"163\" height=\"224\" srcset=\"http:\/\/www.istanbulbilisimkongresi.org.tr\/2017\/wp-content\/uploads\/\u0130smail-Hakk\u0131-291x400.jpg 291w, http:\/\/www.istanbulbilisimkongresi.org.tr\/2017\/wp-content\/uploads\/\u0130smail-Hakk\u0131.jpg 396w\" sizes=\"(max-width: 163px) 100vw, 163px\" \/><strong>\u0130smail Hakk\u0131 POLAT<\/strong>, Kadir Has \u00dcnv. \u00d6\u011fretim G\u00f6revlisi<\/p>\n<p>1989\u2019da Ortado\u011fu Teknik \u00dcniversitesi Elektrik-Elektronik M\u00fchendisli\u011fi B\u00f6l\u00fcm\u00fc\u2019nden mezun olan \u0130smail Hakk\u0131 Polat, 1989-2004 y\u0131llar\u0131 aras\u0131nda s\u0131ras\u0131yla Siemens, Nortel-Neta\u015f, Ericsson ve Turkcell gibi telekom\u00fcnikasyon firmalar\u0131nda m\u00fchendis ve y\u00f6netici olarak \u00e7al\u0131\u015ft\u0131.<\/p>\n<p>2004 y\u0131l\u0131ndan bu yana Kadir Has \u00dcniversitesi \u0130leti\u015fim Fak\u00fcltesi\u2019nde \u00d6\u011fretim G\u00f6revlisi olarak \u201cYeni Medya\u201d dersleri veren Polat, T\u00fcrkiye\u2019nin ilk Yeni Medya B\u00f6l\u00fcm\u00fc\u2019n\u00fcn kurulu\u015f \u00e7al\u0131\u015fmalar\u0131nda da rol alm\u0131\u015ft\u0131r. Ayr\u0131ca, Do\u011fan Holding, Merkez Yay\u0131n Grubu ve Ciner Medya Grubu gibi medya kurulu\u015flar\u0131n\u0131n mobil ileti\u015fim ile ilgili birimlerinin kurulu\u015f ve interaktif servislerinin geli\u015ftirilmesi a\u015famalar\u0131nda y\u00f6netici veya dan\u0131\u015fman olarak aktif g\u00f6rev yapm\u0131\u015ft\u0131r. Polat, halihaz\u0131rda Kadir Has \u00dcniversitesi Yeni Medya B\u00f6l\u00fcm\u00fc\u2019nde \u00d6\u011fretim G\u00f6revlisi olarak dersler vermekte ve d\u00f6nem d\u00f6nem BBC Media Action\u2019a Bak\u00fc Devlet ve Slav \u00dcniversiteleri\u2019nin Yeni Medya m\u00fcfredatlar\u0131n\u0131n haz\u0131rlanmas\u0131 konusunda dan\u0131\u015fmanl\u0131k yapmaktad\u0131r. New York\u2019taki Open School of Journalism kurulu\u015fu i\u00e7in Mobil Gazetecilik e\u011fitimleri haz\u0131rlayan Polat, son d\u00f6nemde kurum, kurulu\u015f ve \u00fcst d\u00fczey y\u00f6neticilere Dijital D\u00f6n\u00fc\u015f\u00fcm ve \u00f6zellikle KriptoParalar konusunda ki\u015fiselle\u015ftirilmi\u015f e\u011fitimler vermekte ve stratejik d\u00f6n\u00fc\u015f\u00fcm dan\u0131\u015fmanl\u0131\u011f\u0131 yapmaktad\u0131r. Polat\u2019\u0131n Yeni Medya konusundaki g\u00f6r\u00fc\u015f ve d\u00fc\u015f\u00fcnceleri, her hafta Bloomberg Business Week T\u00fcrkiye dergisindeki k\u00f6\u015fesinde yay\u0131nlanmaktad\u0131r.<\/p>\n<p>&nbsp;<\/p>\n<p>[\/et_pb_text][\/et_pb_column][et_pb_column type=&#8221;1_2&#8243;][et_pb_image admin_label=&#8221;G\u00f6r\u00fcnt\u00fc&#8221; _builder_version=&#8221;3.0.51&#8243; show_in_lightbox=&#8221;off&#8221; url_new_window=&#8221;off&#8221; src=&#8221;http:\/\/www.istanbulbilisimkongresi.org.tr\/2017\/wp-content\/uploads\/e-para.jpg&#8221; sticky=&#8221;off&#8221; align=&#8221;left&#8221; always_center_on_mobile=&#8221;on&#8221; use_overlay=&#8221;off&#8221; border_style=&#8221;solid&#8221; force_fullwidth=&#8221;off&#8221; \/][\/et_pb_column][\/et_pb_row][\/et_pb_section]<\/p>\n","protected":false},"excerpt":{"rendered":"<p>[et_pb_section bb_built=&#8221;1&#8243; admin_label=&#8221;section&#8221; _builder_version=&#8221;3.0.51&#8243; use_background_color_gradient=&#8221;on&#8221; background_color_gradient_start=&#8221;rgba(0,0,0,0.12)&#8221; background_color_gradient_end=&#8221;rgba(188,198,177,0.53)&#8221;][et_pb_row admin_label=&#8221;row&#8221; background_position=&#8221;top_left&#8221; background_repeat=&#8221;repeat&#8221; background_size=&#8221;initial&#8221;][et_pb_column type=&#8221;1_2&#8243;][et_pb_text admin_label=&#8221;Metin&#8221; background_position=&#8221;top_left&#8221; background_repeat=&#8221;repeat&#8221; background_size=&#8221;initial&#8221; _builder_version=&#8221;3.0.51&#8243; background_layout=&#8221;light&#8221; text_orientation=&#8221;left&#8221; border_style=&#8221;solid&#8221;] Blockchain, Bitcoin ve E-para: e-Para, Yeni Finansal Sistemler, Reg\u00fclasyonlar Moderat\u00f6r : Mehmet GERZ &#8211; Ata Portfoy Y\u00f6netimi Genel M\u00fcd\u00fcr Cemil \u015einasi T\u00dcR\u00dcN &#8211; Blockchain Evangelist, CTO TC-Coin. \u0130smail Hakk\u0131 POLAT, Kadir Has \u00dcnv. \u00d6\u011fretim G\u00f6revlisi [&hellip;]<\/p>\n","protected":false},"author":1,"featured_media":0,"parent":87,"menu_order":0,"comment_status":"closed","ping_status":"closed","template":"","meta":{"_et_pb_use_builder":"on","_et_pb_old_content":"<p><strong>Blockchain, Bitcoin ve E-para: e-Para, Yeni Finansal Sistemler, Reg\u00fclasyonlar<br \/> <\/strong>Moderat\u00f6r : <strong>Mehmet GERZ<\/strong> - Ata Portfoy Y\u00f6netimi Genel M\u00fcd\u00fcr<\/p><ul><li><strong>Cemil \u015einasi T\u00dcR\u00dcN<\/strong> - Blockchain Evangelist, CTO TC-Coin.<\/li><li><strong>\u0130smail Hakk\u0131 POLAT<\/strong>, Kadir Has \u00dcnv. \u00d6\u011fretim G\u00f6revlisi<\/li><\/ul><p>\u00a0<\/p><p><strong><img class=\"size-thumbnail wp-image-525 alignleft\" src=\"http:\/\/www.istanbulbilisimkongresi.org.tr\/2017\/wp-content\/uploads\/Mehmet-Gerz-200x200.jpg\" alt=\"\" width=\"200\" height=\"200\" \/>Mehmet GERZ: <\/strong>Ata Portf\u00f6y Y\u00f6netimi\u2019nde genel m\u00fcd\u00fcr ve CIO (\u201cChief Investment Officer\u201d) olarak g\u00f6rev yapan Mehmet Gerz\u2019in yat\u0131r\u0131m sekt\u00f6r\u00fcnde 22 y\u0131ll\u0131k deneyimi bulunmaktad\u0131r. Ata Portf\u00f6y, Forbes\u2019un be\u015f y\u0131ll\u0131k getiri s\u0131ralamas\u0131nda alt\u0131 kategorinin d\u00f6rd\u00fcnde ilk ikide yer alan tek portf\u00f6y y\u00f6netim \u015firketidir.<br \/> Daha \u00f6nce Drake Capital T\u00fcrkiye genel m\u00fcd\u00fcr\u00fc olan Gerz, Yap\u0131 Kredi Yat\u0131r\u0131m\u2019da genel m\u00fcd\u00fcr yard\u0131mc\u0131s\u0131, Bay\u0131nd\u0131r Menkul, Oyak Yat\u0131r\u0131m, GFC Menkul ve Sparx adl\u0131 Japon fon y\u00f6netim \u015firketinde ara\u015ft\u0131rma m\u00fcd\u00fcrl\u00fc\u011f\u00fc yapt\u0131.<br \/> Bo\u011fazici \u00dcniversitesi Elektrik-Elektronik M\u00fchendisli\u011fi mezunu olan Gerz, ABD\u2019de University of Maryland\u2019de finans alan\u0131nda \u00e7ift dal y\u00fcksek lisans (MBA\/MS) e\u011fitimini TEV bursu ile tamamlad\u0131. \u0130T\u00dc\u2019de emeklilik fonlar\u0131nda varl\u0131k da\u011f\u0131l\u0131m\u0131 modelleri konusunda doktora tez \u00e7al\u0131\u015fmas\u0131na 2017\u2019de ara veren Gerz bu modeli Allianz Ya\u015fam - Ata Holding BES Plan\u0131 ile uygulamaya soktu. FODER dan\u0131\u015fma kurulu ve Rize Vakf\u0131\u2019nda y\u00f6netim kurulu \u00fcyeli\u011fi yapan Gerz 10 y\u0131ld\u0131r Capital adl\u0131 ayl\u0131k dergide Piyasalar adl\u0131 bir k\u00f6\u015fe yazmaktad\u0131r. Evli ve iki \u00e7ocuk sahibi olan Gerz, iyi derecede \u0130ngilizce bilmektedir.<\/p><p>\u00a0<\/p><p><img class=\"alignleft wp-image-524 size-thumbnail\" src=\"http:\/\/www.istanbulbilisimkongresi.org.tr\/2017\/wp-content\/uploads\/Cemil-Sinasi-Turun-200x200.png\" alt=\"\" width=\"200\" height=\"200\" \/><strong>Cemil \u015einasi T\u00dcR\u00dcN<\/strong>: Blockchain evangelist ve giri\u015fimcidir. Bo\u011fazi\u00e7i \u00dcniversitesi Elektrik Elektronik m\u00fchendisli\u011fi ve Bilkent G\u00fczel Sanatlar Fak\u00fcltesi, Bilgisayar Grafi\u011fi master derecesi vard\u0131r. 1995'den bu yana T\u00fcrkiye'nin ilk web siteleri, ilk yerli 3D bilgisayar oyunlar\u0131, \u00fc\u00e7 boyutlu online d\u00fcnyalar, dijital puan\/para i\u00e7eren, milyonlarca ki\u015fiye eri\u015fmi\u015f pazarlama kampanyalar\u0131 gibi pek \u00e7ok \u00fcr\u00fcn\u00fcn \u00fcretilmesinde etkin rol oynam\u0131\u015ft\u0131r. \u015eu anda blockchain teknolojisi kullanan ve dijital puanlarla ilgili TC-Coin isimli yeni start-up'\u0131n teknoloji m\u00fcd\u00fcr\u00fcd\u00fcr.<\/p><p>\u00a0<\/p><p>\u00a0<\/p><p>\u00a0<\/p>","footnotes":""},"_links":{"self":[{"href":"http:\/\/www.istanbulbilisimkongresi.org.tr\/2017\/wp-json\/wp\/v2\/pages\/497"}],"collection":[{"href":"http:\/\/www.istanbulbilisimkongresi.org.tr\/2017\/wp-json\/wp\/v2\/pages"}],"about":[{"href":"http:\/\/www.istanbulbilisimkongresi.org.tr\/2017\/wp-json\/wp\/v2\/types\/page"}],"author":[{"embeddable":true,"href":"http:\/\/www.istanbulbilisimkongresi.org.tr\/2017\/wp-json\/wp\/v2\/users\/1"}],"replies":[{"embeddable":true,"href":"http:\/\/www.istanbulbilisimkongresi.org.tr\/2017\/wp-json\/wp\/v2\/comments?post=497"}],"version-history":[{"count":10,"href":"http:\/\/www.istanbulbilisimkongresi.org.tr\/2017\/wp-json\/wp\/v2\/pages\/497\/revisions"}],"predecessor-version":[{"id":627,"href":"http:\/\/www.istanbulbilisimkongresi.org.tr\/2017\/wp-json\/wp\/v2\/pages\/497\/revisions\/627"}],"up":[{"embeddable":true,"href":"http:\/\/www.istanbulbilisimkongresi.org.tr\/2017\/wp-json\/wp\/v2\/pages\/87"}],"wp:attachment":[{"href":"http:\/\/www.istanbulbilisimkongresi.org.tr\/2017\/wp-json\/wp\/v2\/media?parent=497"}],"curies":[{"name":"wp","href":"https:\/\/api.w.org\/{rel}","templated":true}]}}