{"id":495,"date":"2017-11-21T15:07:18","date_gmt":"2017-11-21T13:07:18","guid":{"rendered":"http:\/\/www.istanbulbilisimkongresi.org.tr\/2017\/?page_id=495"},"modified":"2017-11-30T15:19:17","modified_gmt":"2017-11-30T13:19:17","slug":"turk-modeli-girisimcilik-ve-yatirimcilik","status":"publish","type":"page","link":"http:\/\/www.istanbulbilisimkongresi.org.tr\/2017\/program\/turk-modeli-girisimcilik-ve-yatirimcilik\/","title":{"rendered":"T\u00fcrk Modeli Giri\u015fimcilik ve Yat\u0131r\u0131mc\u0131l\u0131k"},"content":{"rendered":"<p>[et_pb_section bb_built=&#8221;1&#8243; admin_label=&#8221;section&#8221; _builder_version=&#8221;3.0.51&#8243; use_background_color_gradient=&#8221;on&#8221; background_color_gradient_start=&#8221;rgba(158,158,158,0.21)&#8221; background_color_gradient_end=&#8221;rgba(107,179,186,0.39)&#8221;][et_pb_row admin_label=&#8221;row&#8221; background_position=&#8221;top_left&#8221; background_repeat=&#8221;repeat&#8221; background_size=&#8221;initial&#8221;][et_pb_column type=&#8221;1_3&#8243;][et_pb_text admin_label=&#8221;Metin&#8221; background_position=&#8221;top_left&#8221; background_repeat=&#8221;repeat&#8221; background_size=&#8221;initial&#8221; _builder_version=&#8221;3.0.51&#8243; background_layout=&#8221;light&#8221; text_orientation=&#8221;left&#8221; border_style=&#8221;solid&#8221;]<\/p>\n<p><strong>T\u00fcrk Modeli Giri\u015fimcilik ve Yat\u0131r\u0131mc\u0131l\u0131k<br \/>\n<\/strong>Moderat\u00f6r : O. Erhan Oflaz &#8211; Fatih Belediyesi Ba\u015fkan Yard\u0131mc\u0131s\u0131<\/p>\n<p>Panelistler<\/p>\n<ul>\n<li>Hulusi Berik, Kitlesel Fonlama Derne\u011fi Ba\u015fkan\u0131<\/li>\n<li>Do\u00e7.Dr. &#8211; Mehmet Ayd\u0131n &#8211; KHAS INEO &#8211; Direkt\u00f6r<\/li>\n<li>Bora Nemlio\u011flu &#8211; TEB Giri\u015fim Evi &#8211; Y\u00f6netici<\/li>\n<li>\u0130brahim Elba\u015f\u0131 &#8211; BTM &#8211; Direkt\u00f6r<\/li>\n<\/ul>\n<p>[\/et_pb_text][\/et_pb_column][et_pb_column type=&#8221;2_3&#8243;][et_pb_image admin_label=&#8221;G\u00f6r\u00fcnt\u00fc&#8221; _builder_version=&#8221;3.0.51&#8243; show_in_lightbox=&#8221;off&#8221; url_new_window=&#8221;off&#8221; src=&#8221;http:\/\/www.istanbulbilisimkongresi.org.tr\/2017\/wp-content\/uploads\/Girisimcilik-Paneli.jpg&#8221; sticky=&#8221;off&#8221; align=&#8221;left&#8221; always_center_on_mobile=&#8221;on&#8221; use_overlay=&#8221;off&#8221; border_style=&#8221;solid&#8221; force_fullwidth=&#8221;off&#8221; \/][\/et_pb_column][\/et_pb_row][\/et_pb_section]<\/p>\n","protected":false},"excerpt":{"rendered":"<p>[et_pb_section bb_built=&#8221;1&#8243; admin_label=&#8221;section&#8221; _builder_version=&#8221;3.0.51&#8243; use_background_color_gradient=&#8221;on&#8221; background_color_gradient_start=&#8221;rgba(158,158,158,0.21)&#8221; background_color_gradient_end=&#8221;rgba(107,179,186,0.39)&#8221;][et_pb_row admin_label=&#8221;row&#8221; background_position=&#8221;top_left&#8221; background_repeat=&#8221;repeat&#8221; background_size=&#8221;initial&#8221;][et_pb_column type=&#8221;1_3&#8243;][et_pb_text admin_label=&#8221;Metin&#8221; background_position=&#8221;top_left&#8221; background_repeat=&#8221;repeat&#8221; background_size=&#8221;initial&#8221; _builder_version=&#8221;3.0.51&#8243; background_layout=&#8221;light&#8221; text_orientation=&#8221;left&#8221; border_style=&#8221;solid&#8221;] T\u00fcrk Modeli Giri\u015fimcilik ve Yat\u0131r\u0131mc\u0131l\u0131k Moderat\u00f6r : O. Erhan Oflaz &#8211; Fatih Belediyesi Ba\u015fkan Yard\u0131mc\u0131s\u0131 Panelistler Hulusi Berik, Kitlesel Fonlama Derne\u011fi Ba\u015fkan\u0131 Do\u00e7.Dr. &#8211; Mehmet Ayd\u0131n &#8211; KHAS INEO &#8211; Direkt\u00f6r Bora Nemlio\u011flu &#8211; TEB [&hellip;]<\/p>\n","protected":false},"author":1,"featured_media":0,"parent":87,"menu_order":0,"comment_status":"closed","ping_status":"closed","template":"","meta":{"_et_pb_use_builder":"on","_et_pb_old_content":"<p><strong>T\u00fcrk Modeli Giri\u015fimcilik ve Yat\u0131r\u0131mc\u0131l\u0131k<br \/> <\/strong>Moderat\u00f6r : O. Erhan Oflaz - Fatih Belediyesi Ba\u015fkan Yard\u0131mc\u0131s\u0131<\/p><p>Panelistler<\/p><ul><li>Hulusi Berik, Kitlesel Fonlama Derne\u011fi Ba\u015fkan\u0131<\/li><li>Do\u00e7.Dr. - Mehmet Ayd\u0131n - KHAS INEO - Direkt\u00f6r<\/li><li>Bora Nemlio\u011flu - TEB Giri\u015fim Evi - Y\u00f6netici<\/li><li>\u0130brahim Elba\u015f\u0131 - BTM - Direkt\u00f6r<\/li><li>Haktan Ak\u0131n - \u0130SO- Genel Sekreter<\/li><\/ul>","footnotes":""},"_links":{"self":[{"href":"http:\/\/www.istanbulbilisimkongresi.org.tr\/2017\/wp-json\/wp\/v2\/pages\/495"}],"collection":[{"href":"http:\/\/www.istanbulbilisimkongresi.org.tr\/2017\/wp-json\/wp\/v2\/pages"}],"about":[{"href":"http:\/\/www.istanbulbilisimkongresi.org.tr\/2017\/wp-json\/wp\/v2\/types\/page"}],"author":[{"embeddable":true,"href":"http:\/\/www.istanbulbilisimkongresi.org.tr\/2017\/wp-json\/wp\/v2\/users\/1"}],"replies":[{"embeddable":true,"href":"http:\/\/www.istanbulbilisimkongresi.org.tr\/2017\/wp-json\/wp\/v2\/comments?post=495"}],"version-history":[{"count":6,"href":"http:\/\/www.istanbulbilisimkongresi.org.tr\/2017\/wp-json\/wp\/v2\/pages\/495\/revisions"}],"predecessor-version":[{"id":609,"href":"http:\/\/www.istanbulbilisimkongresi.org.tr\/2017\/wp-json\/wp\/v2\/pages\/495\/revisions\/609"}],"up":[{"embeddable":true,"href":"http:\/\/www.istanbulbilisimkongresi.org.tr\/2017\/wp-json\/wp\/v2\/pages\/87"}],"wp:attachment":[{"href":"http:\/\/www.istanbulbilisimkongresi.org.tr\/2017\/wp-json\/wp\/v2\/media?parent=495"}],"curies":[{"name":"wp","href":"https:\/\/api.w.org\/{rel}","templated":true}]}}

Türk Modeli Girişimcilik ve Yatırımcılık

<p>[et_pb_section bb_built=&#8221;1&#8243; admin_label=&#8221;section&#8221; _builder_version=&#8221;3.0.51&#8243; use_background_color_gradient=&#8221;on&#8221; background_color_gradient_start=&#8221;rgba(158,158,158,0.21)&#8221; background_color_gradient_end=&#8221;rgba(107,179,186,0.39)&#8221;][et_pb_row admin_label=&#8221;row&#8221; background_position=&#8221;top_left&#8221; background_repeat=&#8221;repeat&#8221; background_size=&#8221;initial&#8221;][et_pb_column type=&#8221;1_3&#8243;][et_pb_text admin_label=&#8221;Metin&#8221; background_position=&#8221;top_left&#8221; background_repeat=&#8221;repeat&#8221; background_size=&#8221;initial&#8221; _builder_version=&#8221;3.0.51&#8243; background_layout=&#8221;light&#8221; text_orientation=&#8221;left&#8221; border_style=&#8221;solid&#8221;]</p>
<p><strong>Türk Modeli Girişimcilik ve Yatırımcılık<br />
</strong>Moderatör : O. Erhan Oflaz &#8211; Fatih Belediyesi Başkan Yardımcısı</p>
<p>Panelistler</p>
<ul>
<li>Hulusi Berik, Kitlesel Fonlama Derneği Başkanı</li>
<li>Doç.Dr. &#8211; Mehmet Aydın &#8211; KHAS INEO &#8211; Direktör</li>
<li>Bora Nemlioğlu &#8211; TEB Girişim Evi &#8211; Yönetici</li>
<li>İbrahim Elbaşı &#8211; BTM &#8211; Direktör</li>
</ul>
<p>[/et_pb_text][/et_pb_column][et_pb_column type=&#8221;2_3&#8243;][et_pb_image admin_label=&#8221;Görüntü&#8221; _builder_version=&#8221;3.0.51&#8243; show_in_lightbox=&#8221;off&#8221; url_new_window=&#8221;off&#8221; src=&#8221;http://www.istanbulbilisimkongresi.org.tr/2017/wp-content/uploads/Girisimcilik-Paneli.jpg&#8221; sticky=&#8221;off&#8221; align=&#8221;left&#8221; always_center_on_mobile=&#8221;on&#8221; use_overlay=&#8221;off&#8221; border_style=&#8221;solid&#8221; force_fullwidth=&#8221;off&#8221; /][/et_pb_column][/et_pb_row][/et_pb_section]</p>

<p>[et_pb_section bb_built=&#8221;1&#8243; admin_label=&#8221;section&#8221; _builder_version=&#8221;3.0.51&#8243; use_background_color_gradient=&#8221;on&#8221; background_color_gradient_start=&#8221;rgba(158,158,158,0.21)&#8221; background_color_gradient_end=&#8221;rgba(107,179,186,0.39)&#8221;][et_pb_row admin_label=&#8221;row&#8221; background_position=&#8221;top_left&#8221; background_repeat=&#8221;repeat&#8221; background_size=&#8221;initial&#8221;][et_pb_column type=&#8221;1_3&#8243;][et_pb_text admin_label=&#8221;Metin&#8221; background_position=&#8221;top_left&#8221; background_repeat=&#8221;repeat&#8221; background_size=&#8221;initial&#8221; _builder_version=&#8221;3.0.51&#8243; background_layout=&#8221;light&#8221; text_orientation=&#8221;left&#8221; border_style=&#8221;solid&#8221;] Türk Modeli Girişimcilik ve Yatırımcılık Moderatör : O. Erhan Oflaz &#8211; Fatih Belediyesi Başkan Yardımcısı Panelistler Hulusi Berik, Kitlesel Fonlama Derneği Başkanı Doç.Dr. &#8211; Mehmet Aydın &#8211; KHAS INEO &#8211; Direktör Bora Nemlioğlu &#8211; TEB [&hellip;]</p>

<p><strong>Türk Modeli Girişimcilik ve Yatırımcılık<br /> </strong>Moderatör : O. Erhan Oflaz - Fatih Belediyesi Başkan Yardımcısı</p><p>Panelistler</p><ul><li>Hulusi Berik, Kitlesel Fonlama Derneği Başkanı</li><li>Doç.Dr. - Mehmet Aydın - KHAS INEO - Direktör</li><li>Bora Nemlioğlu - TEB Girişim Evi - Yönetici</li><li>İbrahim Elbaşı - BTM - Direktör</li><li>Haktan Akın - İSO- Genel Sekreter</li></ul>
