{"id":491,"date":"2017-11-21T15:06:27","date_gmt":"2017-11-21T13:06:27","guid":{"rendered":"http:\/\/www.istanbulbilisimkongresi.org.tr\/2017\/?page_id=491"},"modified":"2017-11-30T15:30:08","modified_gmt":"2017-11-30T13:30:08","slug":"veri-madenciligi-is-zekasi-veri-analitigi-ve-buyuk-veri-yonetiminden-e-donusume-katki","status":"publish","type":"page","link":"http:\/\/www.istanbulbilisimkongresi.org.tr\/2017\/program\/veri-madenciligi-is-zekasi-veri-analitigi-ve-buyuk-veri-yonetiminden-e-donusume-katki\/","title":{"rendered":"Veri Madencili\u011fi, \u0130\u015f Zekas\u0131, Veri Analiti\u011fi ve B\u00fcy\u00fck Veri Y\u00f6netiminden e-D\u00f6n\u00fc\u015f\u00fcme katk\u0131"},"content":{"rendered":"<p>[et_pb_section bb_built=&#8221;1&#8243; admin_label=&#8221;section&#8221; _builder_version=&#8221;3.0.51&#8243; use_background_color_gradient=&#8221;on&#8221; background_color_gradient_start=&#8221;rgba(123,124,124,0.27)&#8221; background_color_gradient_end=&#8221;rgba(149,151,165,0.4)&#8221;][et_pb_row admin_label=&#8221;row&#8221; background_position=&#8221;top_left&#8221; background_repeat=&#8221;repeat&#8221; background_size=&#8221;initial&#8221;][et_pb_column type=&#8221;1_3&#8243;][et_pb_text admin_label=&#8221;Metin&#8221; _builder_version=&#8221;3.0.51&#8243; background_layout=&#8221;light&#8221; text_orientation=&#8221;left&#8221; border_style=&#8221;solid&#8221;]<\/p>\n<p><strong><span style=\"color: #000000;\">Veri Madencili\u011fi, \u0130\u015f Zekas\u0131, Veri Analiti\u011fi ve B\u00fcy\u00fck Veri Y\u00f6netiminden e-D\u00f6n\u00fc\u015f\u00fcme katk\u0131<\/span><br \/>\n<\/strong>Moderat\u00f6r: Prof. Dr. Erdal Balaban TBD \u0130stanbul Onur Kurulu Ba\u015fkan\u0131<\/p>\n<p>Panelistler<\/p>\n<ul>\n<li>Yi\u011fit Karaba\u011f, SAS Orta Do\u011fu, T\u00fcrkiye ve Do\u011fu Avrupa \u0130\u015f \u00c7\u00f6z\u00fcmleri Direkt\u00f6r\u00fc<\/li>\n<li>Yrd.Do\u00e7.Dr. Yal\u00e7\u0131n \u00d6zkan, \u00d6\u011fretim G\u00f6revlisi<\/li>\n<li>Eren Eser, IDC T\u00fcrkiye, Ba\u015f Analist<\/li>\n<\/ul>\n<p>[\/et_pb_text][\/et_pb_column][et_pb_column type=&#8221;2_3&#8243;][et_pb_image admin_label=&#8221;G\u00f6r\u00fcnt\u00fc&#8221; _builder_version=&#8221;3.0.51&#8243; show_in_lightbox=&#8221;off&#8221; url_new_window=&#8221;off&#8221; src=&#8221;http:\/\/www.istanbulbilisimkongresi.org.tr\/2017\/wp-content\/uploads\/veri-mad.jpg&#8221; sticky=&#8221;off&#8221; align=&#8221;left&#8221; always_center_on_mobile=&#8221;on&#8221; use_overlay=&#8221;off&#8221; border_style=&#8221;solid&#8221; force_fullwidth=&#8221;off&#8221; \/][\/et_pb_column][\/et_pb_row][\/et_pb_section]<\/p>\n","protected":false},"excerpt":{"rendered":"<p>[et_pb_section bb_built=&#8221;1&#8243; admin_label=&#8221;section&#8221; _builder_version=&#8221;3.0.51&#8243; use_background_color_gradient=&#8221;on&#8221; background_color_gradient_start=&#8221;rgba(123,124,124,0.27)&#8221; background_color_gradient_end=&#8221;rgba(149,151,165,0.4)&#8221;][et_pb_row admin_label=&#8221;row&#8221; background_position=&#8221;top_left&#8221; background_repeat=&#8221;repeat&#8221; background_size=&#8221;initial&#8221;][et_pb_column type=&#8221;1_3&#8243;][et_pb_text admin_label=&#8221;Metin&#8221; _builder_version=&#8221;3.0.51&#8243; background_layout=&#8221;light&#8221; text_orientation=&#8221;left&#8221; border_style=&#8221;solid&#8221;] Veri Madencili\u011fi, \u0130\u015f Zekas\u0131, Veri Analiti\u011fi ve B\u00fcy\u00fck Veri Y\u00f6netiminden e-D\u00f6n\u00fc\u015f\u00fcme katk\u0131 Moderat\u00f6r: Prof. Dr. Erdal Balaban TBD \u0130stanbul Onur Kurulu Ba\u015fkan\u0131 Panelistler Yi\u011fit Karaba\u011f, SAS Orta Do\u011fu, T\u00fcrkiye ve Do\u011fu Avrupa \u0130\u015f \u00c7\u00f6z\u00fcmleri Direkt\u00f6r\u00fc Yrd.Do\u00e7.Dr. Yal\u00e7\u0131n \u00d6zkan, [&hellip;]<\/p>\n","protected":false},"author":1,"featured_media":0,"parent":87,"menu_order":0,"comment_status":"closed","ping_status":"closed","template":"","meta":{"_et_pb_use_builder":"on","_et_pb_old_content":"<p><strong>Veri Madencili\u011fi, \u0130\u015f Zekas\u0131, Veri Analiti\u011fi ve B\u00fcy\u00fck Veri Y\u00f6netiminden e-D\u00f6n\u00fc\u015f\u00fcme katk\u0131<br \/> <\/strong>Moderat\u00f6r: Prof. Dr. Erdal Balaban<\/p><p>Panelistler<\/p><ul><li>Yi\u011fit Karaba\u011f, SAS Orta Do\u011fu, T\u00fcrkiye ve Do\u011fu Avrupa \u0130\u015f \u00c7\u00f6z\u00fcmleri Direkt\u00f6r\u00fc<\/li><li>Yrd.Do\u00e7.Dr. Yal\u00e7\u0131n \u00d6zkan, \u00d6\u011fretim G\u00f6revlisi<\/li><li>\u00d6mer \u00c7\u0131tak, BI Technology Teknik Sat\u0131\u015f Lideri<\/li><li>Eren Eser, IDC T\u00fcrkiye, Ba\u015f Analist<\/li><\/ul>","footnotes":""},"_links":{"self":[{"href":"http:\/\/www.istanbulbilisimkongresi.org.tr\/2017\/wp-json\/wp\/v2\/pages\/491"}],"collection":[{"href":"http:\/\/www.istanbulbilisimkongresi.org.tr\/2017\/wp-json\/wp\/v2\/pages"}],"about":[{"href":"http:\/\/www.istanbulbilisimkongresi.org.tr\/2017\/wp-json\/wp\/v2\/types\/page"}],"author":[{"embeddable":true,"href":"http:\/\/www.istanbulbilisimkongresi.org.tr\/2017\/wp-json\/wp\/v2\/users\/1"}],"replies":[{"embeddable":true,"href":"http:\/\/www.istanbulbilisimkongresi.org.tr\/2017\/wp-json\/wp\/v2\/comments?post=491"}],"version-history":[{"count":9,"href":"http:\/\/www.istanbulbilisimkongresi.org.tr\/2017\/wp-json\/wp\/v2\/pages\/491\/revisions"}],"predecessor-version":[{"id":615,"href":"http:\/\/www.istanbulbilisimkongresi.org.tr\/2017\/wp-json\/wp\/v2\/pages\/491\/revisions\/615"}],"up":[{"embeddable":true,"href":"http:\/\/www.istanbulbilisimkongresi.org.tr\/2017\/wp-json\/wp\/v2\/pages\/87"}],"wp:attachment":[{"href":"http:\/\/www.istanbulbilisimkongresi.org.tr\/2017\/wp-json\/wp\/v2\/media?parent=491"}],"curies":[{"name":"wp","href":"https:\/\/api.w.org\/{rel}","templated":true}]}}

Veri Madenciliği, İş Zekası, Veri Analitiği ve Büyük Veri Yönetiminden e-Dönüşüme katkı

<p>[et_pb_section bb_built=&#8221;1&#8243; admin_label=&#8221;section&#8221; _builder_version=&#8221;3.0.51&#8243; use_background_color_gradient=&#8221;on&#8221; background_color_gradient_start=&#8221;rgba(123,124,124,0.27)&#8221; background_color_gradient_end=&#8221;rgba(149,151,165,0.4)&#8221;][et_pb_row admin_label=&#8221;row&#8221; background_position=&#8221;top_left&#8221; background_repeat=&#8221;repeat&#8221; background_size=&#8221;initial&#8221;][et_pb_column type=&#8221;1_3&#8243;][et_pb_text admin_label=&#8221;Metin&#8221; _builder_version=&#8221;3.0.51&#8243; background_layout=&#8221;light&#8221; text_orientation=&#8221;left&#8221; border_style=&#8221;solid&#8221;]</p>
<p><strong><span style="color: #000000;">Veri Madenciliği, İş Zekası, Veri Analitiği ve Büyük Veri Yönetiminden e-Dönüşüme katkı</span><br />
</strong>Moderatör: Prof. Dr. Erdal Balaban TBD İstanbul Onur Kurulu Başkanı</p>
<p>Panelistler</p>
<ul>
<li>Yiğit Karabağ, SAS Orta Doğu, Türkiye ve Doğu Avrupa İş Çözümleri Direktörü</li>
<li>Yrd.Doç.Dr. Yalçın Özkan, Öğretim Görevlisi</li>
<li>Eren Eser, IDC Türkiye, Baş Analist</li>
</ul>
<p>[/et_pb_text][/et_pb_column][et_pb_column type=&#8221;2_3&#8243;][et_pb_image admin_label=&#8221;Görüntü&#8221; _builder_version=&#8221;3.0.51&#8243; show_in_lightbox=&#8221;off&#8221; url_new_window=&#8221;off&#8221; src=&#8221;http://www.istanbulbilisimkongresi.org.tr/2017/wp-content/uploads/veri-mad.jpg&#8221; sticky=&#8221;off&#8221; align=&#8221;left&#8221; always_center_on_mobile=&#8221;on&#8221; use_overlay=&#8221;off&#8221; border_style=&#8221;solid&#8221; force_fullwidth=&#8221;off&#8221; /][/et_pb_column][/et_pb_row][/et_pb_section]</p>

<p>[et_pb_section bb_built=&#8221;1&#8243; admin_label=&#8221;section&#8221; _builder_version=&#8221;3.0.51&#8243; use_background_color_gradient=&#8221;on&#8221; background_color_gradient_start=&#8221;rgba(123,124,124,0.27)&#8221; background_color_gradient_end=&#8221;rgba(149,151,165,0.4)&#8221;][et_pb_row admin_label=&#8221;row&#8221; background_position=&#8221;top_left&#8221; background_repeat=&#8221;repeat&#8221; background_size=&#8221;initial&#8221;][et_pb_column type=&#8221;1_3&#8243;][et_pb_text admin_label=&#8221;Metin&#8221; _builder_version=&#8221;3.0.51&#8243; background_layout=&#8221;light&#8221; text_orientation=&#8221;left&#8221; border_style=&#8221;solid&#8221;] Veri Madenciliği, İş Zekası, Veri Analitiği ve Büyük Veri Yönetiminden e-Dönüşüme katkı Moderatör: Prof. Dr. Erdal Balaban TBD İstanbul Onur Kurulu Başkanı Panelistler Yiğit Karabağ, SAS Orta Doğu, Türkiye ve Doğu Avrupa İş Çözümleri Direktörü Yrd.Doç.Dr. Yalçın Özkan, [&hellip;]</p>

<p><strong>Veri Madenciliği, İş Zekası, Veri Analitiği ve Büyük Veri Yönetiminden e-Dönüşüme katkı<br /> </strong>Moderatör: Prof. Dr. Erdal Balaban</p><p>Panelistler</p><ul><li>Yiğit Karabağ, SAS Orta Doğu, Türkiye ve Doğu Avrupa İş Çözümleri Direktörü</li><li>Yrd.Doç.Dr. Yalçın Özkan, Öğretim Görevlisi</li><li>Ömer Çıtak, BI Technology Teknik Satış Lideri</li><li>Eren Eser, IDC Türkiye, Baş Analist</li></ul>
