{"id":487,"date":"2017-11-21T15:05:43","date_gmt":"2017-11-21T13:05:43","guid":{"rendered":"http:\/\/www.istanbulbilisimkongresi.org.tr\/2017\/?page_id=487"},"modified":"2017-12-01T16:05:54","modified_gmt":"2017-12-01T14:05:54","slug":"e-donusum-e-devlet-e-vatandas-e-sirket-e-imza-ve-e-kobi","status":"publish","type":"page","link":"http:\/\/www.istanbulbilisimkongresi.org.tr\/2017\/program\/e-donusum-e-devlet-e-vatandas-e-sirket-e-imza-ve-e-kobi\/","title":{"rendered":"E-D\u00f6n\u00fc\u015f\u00fcm: e-Devlet, e-Vatanda\u015f, e-\u015eirket, e-\u0130mza ve e-Kobi"},"content":{"rendered":"<p>[et_pb_section bb_built=&#8221;1&#8243; admin_label=&#8221;section&#8221; _builder_version=&#8221;3.0.51&#8243; use_background_color_gradient=&#8221;on&#8221; background_color_gradient_start=&#8221;rgba(196,196,196,0.37)&#8221; background_color_gradient_end=&#8221;rgba(130,176,216,0.49)&#8221;][et_pb_row admin_label=&#8221;row&#8221; background_position=&#8221;top_left&#8221; background_repeat=&#8221;repeat&#8221; background_size=&#8221;initial&#8221; _builder_version=&#8221;3.0.51&#8243; background_position_1=&#8221;top_left&#8221; background_repeat_1=&#8221;no-repeat&#8221; background_position_2=&#8221;top_left&#8221; background_repeat_2=&#8221;no-repeat&#8221;][et_pb_column type=&#8221;1_3&#8243;][et_pb_text admin_label=&#8221;Metin&#8221; _builder_version=&#8221;3.0.51&#8243; background_layout=&#8221;light&#8221; text_orientation=&#8221;left&#8221; border_style=&#8221;solid&#8221;]<\/p>\n<p><strong><span style=\"color: #000000;\">E-D\u00f6n\u00fc\u015f\u00fcm: e-Devlet, e-Vatanda\u015f, e-\u015eirket, e-\u0130mza ve e-Kobi<\/span><br \/>\n<\/strong><\/p>\n<p><span style=\"color: #000000;\">Moderat\u00f6r: H\u00fcseyin Karaya\u011f\u0131z<\/span>, TBD \u0130stanbul YK \u00dcyesi<\/p>\n<p>Panelistler<\/p>\n<ul>\n<li><span style=\"color: #000000;\">Ay\u015feg\u00fcl Topo\u011flu T\u00fcz\u00fcn<\/span>, E-G\u00dcVEN\u00a0\u0130\u015f Geli\u015ftirme ,Sat\u0131\u015f ve Pazarlama Direkt\u00f6r\u00fc<\/li>\n<li><span style=\"color: #000000;\">Dr.Oktay Adal\u0131er,<\/span> T\u00dcB\u0130TAK Bilgem UEKAE e-Kimlik B\u00f6l\u00fcm Direkt\u00f6r\u00fc<\/li>\n<li><span style=\"color: #000000;\">Demet Kabasakal<\/span> BTK Bili\u015fim Uzman\u0131<\/li>\n<li><span style=\"color: #000000;\">Av.Tu\u011frul Sevim<\/span>, BTS<\/li>\n<li><span style=\"color: #000000;\">Burcu Doruk,<\/span> T\u00dcRKKEP Sat\u0131\u015f Direkt\u00f6r\u00fc<\/li>\n<\/ul>\n<p>[\/et_pb_text][\/et_pb_column][et_pb_column type=&#8221;2_3&#8243;][et_pb_image admin_label=&#8221;G\u00f6r\u00fcnt\u00fc&#8221; _builder_version=&#8221;3.0.51&#8243; show_in_lightbox=&#8221;off&#8221; url_new_window=&#8221;off&#8221; src=&#8221;http:\/\/www.istanbulbilisimkongresi.org.tr\/2017\/wp-content\/uploads\/e-donusum6.jpg&#8221; sticky=&#8221;off&#8221; align=&#8221;left&#8221; always_center_on_mobile=&#8221;on&#8221; use_overlay=&#8221;off&#8221; border_style=&#8221;solid&#8221; force_fullwidth=&#8221;off&#8221; \/][\/et_pb_column][\/et_pb_row][\/et_pb_section]<\/p>\n","protected":false},"excerpt":{"rendered":"<p>[et_pb_section bb_built=&#8221;1&#8243; admin_label=&#8221;section&#8221; _builder_version=&#8221;3.0.51&#8243; use_background_color_gradient=&#8221;on&#8221; background_color_gradient_start=&#8221;rgba(196,196,196,0.37)&#8221; background_color_gradient_end=&#8221;rgba(130,176,216,0.49)&#8221;][et_pb_row admin_label=&#8221;row&#8221; background_position=&#8221;top_left&#8221; background_repeat=&#8221;repeat&#8221; background_size=&#8221;initial&#8221; _builder_version=&#8221;3.0.51&#8243; background_position_1=&#8221;top_left&#8221; background_repeat_1=&#8221;no-repeat&#8221; background_position_2=&#8221;top_left&#8221; background_repeat_2=&#8221;no-repeat&#8221;][et_pb_column type=&#8221;1_3&#8243;][et_pb_text admin_label=&#8221;Metin&#8221; _builder_version=&#8221;3.0.51&#8243; background_layout=&#8221;light&#8221; text_orientation=&#8221;left&#8221; border_style=&#8221;solid&#8221;] E-D\u00f6n\u00fc\u015f\u00fcm: e-Devlet, e-Vatanda\u015f, e-\u015eirket, e-\u0130mza ve e-Kobi Moderat\u00f6r: H\u00fcseyin Karaya\u011f\u0131z, TBD \u0130stanbul YK \u00dcyesi Panelistler Ay\u015feg\u00fcl Topo\u011flu T\u00fcz\u00fcn, E-G\u00dcVEN\u00a0\u0130\u015f Geli\u015ftirme ,Sat\u0131\u015f ve Pazarlama Direkt\u00f6r\u00fc Dr.Oktay Adal\u0131er, T\u00dcB\u0130TAK Bilgem UEKAE e-Kimlik B\u00f6l\u00fcm Direkt\u00f6r\u00fc Demet [&hellip;]<\/p>\n","protected":false},"author":1,"featured_media":0,"parent":87,"menu_order":0,"comment_status":"closed","ping_status":"closed","template":"","meta":{"_et_pb_use_builder":"on","_et_pb_old_content":"<p><strong>E-D\u00f6n\u00fc\u015f\u00fcm: e-Devlet, e-Vatanda\u015f, e-\u015eirket, e-\u0130mza ve e-Kobi<br \/> <\/strong>Moderat\u00f6r: H\u00fcseyin Karaya\u011f\u0131z, TBD \u0130stanbul YK \u00dcyesi<\/p><p>Panelistler<\/p><ul><li>Ay\u015feg\u00fcl Topo\u011flu T\u00fcz\u00fcn, E-G\u00fcven Sat\u0131\u015f Pazarlama Direkt\u00f6r\u00fc<\/li><li>Dr.Oktay Adal\u0131er, T\u00dcB\u0130TAK Bilgem UEKAE e-Kimlik B\u00f6l\u00fcm Direkt\u00f6r\u00fc<\/li><li>Kat\u0131l\u0131mc\u0131 Onay\u0131 Bekleniyor, BTK<\/li><li>Av.Tu\u011frul Sevim, BTS<\/li><li>Burcu Doruk, T\u00dcRKKEP Sat\u0131\u015f Direkt\u00f6r\u00fc<\/li><\/ul>","footnotes":""},"_links":{"self":[{"href":"http:\/\/www.istanbulbilisimkongresi.org.tr\/2017\/wp-json\/wp\/v2\/pages\/487"}],"collection":[{"href":"http:\/\/www.istanbulbilisimkongresi.org.tr\/2017\/wp-json\/wp\/v2\/pages"}],"about":[{"href":"http:\/\/www.istanbulbilisimkongresi.org.tr\/2017\/wp-json\/wp\/v2\/types\/page"}],"author":[{"embeddable":true,"href":"http:\/\/www.istanbulbilisimkongresi.org.tr\/2017\/wp-json\/wp\/v2\/users\/1"}],"replies":[{"embeddable":true,"href":"http:\/\/www.istanbulbilisimkongresi.org.tr\/2017\/wp-json\/wp\/v2\/comments?post=487"}],"version-history":[{"count":10,"href":"http:\/\/www.istanbulbilisimkongresi.org.tr\/2017\/wp-json\/wp\/v2\/pages\/487\/revisions"}],"predecessor-version":[{"id":633,"href":"http:\/\/www.istanbulbilisimkongresi.org.tr\/2017\/wp-json\/wp\/v2\/pages\/487\/revisions\/633"}],"up":[{"embeddable":true,"href":"http:\/\/www.istanbulbilisimkongresi.org.tr\/2017\/wp-json\/wp\/v2\/pages\/87"}],"wp:attachment":[{"href":"http:\/\/www.istanbulbilisimkongresi.org.tr\/2017\/wp-json\/wp\/v2\/media?parent=487"}],"curies":[{"name":"wp","href":"https:\/\/api.w.org\/{rel}","templated":true}]}}

E-Dönüşüm: e-Devlet, e-Vatandaş, e-Şirket, e-İmza ve e-Kobi

<p>[et_pb_section bb_built=&#8221;1&#8243; admin_label=&#8221;section&#8221; _builder_version=&#8221;3.0.51&#8243; use_background_color_gradient=&#8221;on&#8221; background_color_gradient_start=&#8221;rgba(196,196,196,0.37)&#8221; background_color_gradient_end=&#8221;rgba(130,176,216,0.49)&#8221;][et_pb_row admin_label=&#8221;row&#8221; background_position=&#8221;top_left&#8221; background_repeat=&#8221;repeat&#8221; background_size=&#8221;initial&#8221; _builder_version=&#8221;3.0.51&#8243; background_position_1=&#8221;top_left&#8221; background_repeat_1=&#8221;no-repeat&#8221; background_position_2=&#8221;top_left&#8221; background_repeat_2=&#8221;no-repeat&#8221;][et_pb_column type=&#8221;1_3&#8243;][et_pb_text admin_label=&#8221;Metin&#8221; _builder_version=&#8221;3.0.51&#8243; background_layout=&#8221;light&#8221; text_orientation=&#8221;left&#8221; border_style=&#8221;solid&#8221;]</p>
<p><strong><span style="color: #000000;">E-Dönüşüm: e-Devlet, e-Vatandaş, e-Şirket, e-İmza ve e-Kobi</span><br />
</strong></p>
<p><span style="color: #000000;">Moderatör: Hüseyin Karayağız</span>, TBD İstanbul YK Üyesi</p>
<p>Panelistler</p>
<ul>
<li><span style="color: #000000;">Ayşegül Topoğlu Tüzün</span>, E-GÜVEN İş Geliştirme ,Satış ve Pazarlama Direktörü</li>
<li><span style="color: #000000;">Dr.Oktay Adalıer,</span> TÜBİTAK Bilgem UEKAE e-Kimlik Bölüm Direktörü</li>
<li><span style="color: #000000;">Demet Kabasakal</span> BTK Bilişim Uzmanı</li>
<li><span style="color: #000000;">Av.Tuğrul Sevim</span>, BTS</li>
<li><span style="color: #000000;">Burcu Doruk,</span> TÜRKKEP Satış Direktörü</li>
</ul>
<p>[/et_pb_text][/et_pb_column][et_pb_column type=&#8221;2_3&#8243;][et_pb_image admin_label=&#8221;Görüntü&#8221; _builder_version=&#8221;3.0.51&#8243; show_in_lightbox=&#8221;off&#8221; url_new_window=&#8221;off&#8221; src=&#8221;http://www.istanbulbilisimkongresi.org.tr/2017/wp-content/uploads/e-donusum6.jpg&#8221; sticky=&#8221;off&#8221; align=&#8221;left&#8221; always_center_on_mobile=&#8221;on&#8221; use_overlay=&#8221;off&#8221; border_style=&#8221;solid&#8221; force_fullwidth=&#8221;off&#8221; /][/et_pb_column][/et_pb_row][/et_pb_section]</p>

<p>[et_pb_section bb_built=&#8221;1&#8243; admin_label=&#8221;section&#8221; _builder_version=&#8221;3.0.51&#8243; use_background_color_gradient=&#8221;on&#8221; background_color_gradient_start=&#8221;rgba(196,196,196,0.37)&#8221; background_color_gradient_end=&#8221;rgba(130,176,216,0.49)&#8221;][et_pb_row admin_label=&#8221;row&#8221; background_position=&#8221;top_left&#8221; background_repeat=&#8221;repeat&#8221; background_size=&#8221;initial&#8221; _builder_version=&#8221;3.0.51&#8243; background_position_1=&#8221;top_left&#8221; background_repeat_1=&#8221;no-repeat&#8221; background_position_2=&#8221;top_left&#8221; background_repeat_2=&#8221;no-repeat&#8221;][et_pb_column type=&#8221;1_3&#8243;][et_pb_text admin_label=&#8221;Metin&#8221; _builder_version=&#8221;3.0.51&#8243; background_layout=&#8221;light&#8221; text_orientation=&#8221;left&#8221; border_style=&#8221;solid&#8221;] E-Dönüşüm: e-Devlet, e-Vatandaş, e-Şirket, e-İmza ve e-Kobi Moderatör: Hüseyin Karayağız, TBD İstanbul YK Üyesi Panelistler Ayşegül Topoğlu Tüzün, E-GÜVEN İş Geliştirme ,Satış ve Pazarlama Direktörü Dr.Oktay Adalıer, TÜBİTAK Bilgem UEKAE e-Kimlik Bölüm Direktörü Demet [&hellip;]</p>

<p><strong>E-Dönüşüm: e-Devlet, e-Vatandaş, e-Şirket, e-İmza ve e-Kobi<br /> </strong>Moderatör: Hüseyin Karayağız, TBD İstanbul YK Üyesi</p><p>Panelistler</p><ul><li>Ayşegül Topoğlu Tüzün, E-Güven Satış Pazarlama Direktörü</li><li>Dr.Oktay Adalıer, TÜBİTAK Bilgem UEKAE e-Kimlik Bölüm Direktörü</li><li>Katılımcı Onayı Bekleniyor, BTK</li><li>Av.Tuğrul Sevim, BTS</li><li>Burcu Doruk, TÜRKKEP Satış Direktörü</li></ul>
