{"id":297,"date":"2017-10-10T15:55:24","date_gmt":"2017-10-10T12:55:24","guid":{"rendered":"http:\/\/www.istanbulbilisimkongresi.org.tr\/2017\/?page_id=297"},"modified":"2017-12-18T13:25:54","modified_gmt":"2017-12-18T11:25:54","slug":"kurullar","status":"publish","type":"page","link":"http:\/\/www.istanbulbilisimkongresi.org.tr\/2017\/kurullar\/","title":{"rendered":"Kurullar"},"content":{"rendered":"<p>[et_pb_section bb_built=&#8221;1&#8243; admin_label=&#8221;B\u00f6l\u00fcm&#8221; fullwidth=&#8221;on&#8221; specialty=&#8221;off&#8221;][et_pb_fullwidth_image admin_label=&#8221;Tam Geni\u015f Resim&#8221; _builder_version=&#8221;3.0.51&#8243; show_in_lightbox=&#8221;off&#8221; url_new_window=&#8221;off&#8221; src=&#8221;http:\/\/www.istanbulbilisimkongresi.org.tr\/2017\/wp-content\/uploads\/res21-1.jpg&#8221; use_overlay=&#8221;off&#8221; border_style=&#8221;solid&#8221; animation=&#8221;left&#8221; \/][\/et_pb_section][et_pb_section bb_built=&#8221;1&#8243; admin_label=&#8221;section&#8221;][et_pb_row admin_label=&#8221;row&#8221; background_position=&#8221;top_left&#8221; background_repeat=&#8221;repeat&#8221; background_size=&#8221;initial&#8221;][et_pb_column type=&#8221;4_4&#8243;][et_pb_text admin_label=&#8221;Metin&#8221; _builder_version=&#8221;3.0.51&#8243; background_layout=&#8221;light&#8221; text_orientation=&#8221;left&#8221; border_style=&#8221;solid&#8221;]<\/p>\n<h3>ONUR KURULU<\/h3>\n<p><strong>Prof. Dr. Mustafa AYDIN<\/strong><br \/>\nKadir Has \u00dcniversitesi Rekt\u00f6r\u00fc<\/p>\n<p><strong>Rahmi Aktepe<\/strong><br \/>\nTBD Genel Ba\u015fkan\u0131<\/p>\n<h3>KONGRE BA\u015eKANLI\u011eI<\/h3>\n<p><strong>Deniz Tiryakio\u011flu<\/strong><br \/>\nTBD \u0130stanbul \u015eubesi Y\u00f6n. Kur. Ba\u015fkan\u0131<\/p>\n<p><strong>Yrd. Do\u00e7. Dr. Taner ARSAN<\/strong><br \/>\nKadir Has \u00dcniversitesi MDBF Dekan Yrd.<\/p>\n<h3>KONGRE Y\u00dcR\u00dcTME KURULU<\/h3>\n<p><strong>H\u00fcseyin Karaya\u011f\u0131z<\/strong><br \/>\nKongre Y\u00fcr\u00fctme Kurulu Ba\u015fkan\u0131, TBD Istanbul Y\u00f6netim Kurulu \u00dcyesi<\/p>\n<p><strong>Ahmet AYVALI<\/strong><br \/>\n\u0130dari Koordinat\u00f6r<\/p>\n<p><strong>Cahit CENG\u0130ZHAN<\/strong><br \/>\nKongre Y\u00fcr\u00fctme Kurulu \u00dcyesi<\/p>\n<p><strong>Osman C\u0130RC\u0130<\/strong><br \/>\nKongre Y\u00fcr\u00fctme Kurulu \u00dcyesi<\/p>\n<p><b>Ekrem EY\u00dcPO\u011eLU<\/b><br \/>\nKongre Y\u00fcr\u00fctme Kurulu \u00dcyesi<\/p>\n<p><b>Ebru GAD\u0130\u015e<\/b><br \/>\nKongre Y\u00fcr\u00fctme Kurulu \u00dcyesi<\/p>\n<p><span style=\"color: #333333;\"><strong>Can Da\u011fdelen<\/strong><\/span><br \/>\nSosyal Medya Sorumlusu<\/p>\n<p><strong>Emir Akayd\u0131n<\/strong><\/p>\n<p>Mobil Platform Koordinat\u00f6r\u00fc<\/p>\n<p>&nbsp;<\/p>\n<p>&nbsp;<\/p>\n<p>[\/et_pb_text][\/et_pb_column][\/et_pb_row][\/et_pb_section]<\/p>\n","protected":false},"excerpt":{"rendered":"<p>[et_pb_section bb_built=&#8221;1&#8243; admin_label=&#8221;B\u00f6l\u00fcm&#8221; fullwidth=&#8221;on&#8221; specialty=&#8221;off&#8221;][et_pb_fullwidth_image admin_label=&#8221;Tam Geni\u015f Resim&#8221; _builder_version=&#8221;3.0.51&#8243; show_in_lightbox=&#8221;off&#8221; url_new_window=&#8221;off&#8221; src=&#8221;http:\/\/www.istanbulbilisimkongresi.org.tr\/2017\/wp-content\/uploads\/res21-1.jpg&#8221; use_overlay=&#8221;off&#8221; border_style=&#8221;solid&#8221; animation=&#8221;left&#8221; \/][\/et_pb_section][et_pb_section bb_built=&#8221;1&#8243; admin_label=&#8221;section&#8221;][et_pb_row admin_label=&#8221;row&#8221; background_position=&#8221;top_left&#8221; background_repeat=&#8221;repeat&#8221; background_size=&#8221;initial&#8221;][et_pb_column type=&#8221;4_4&#8243;][et_pb_text admin_label=&#8221;Metin&#8221; _builder_version=&#8221;3.0.51&#8243; background_layout=&#8221;light&#8221; text_orientation=&#8221;left&#8221; border_style=&#8221;solid&#8221;] ONUR KURULU Prof. Dr. Mustafa AYDIN Kadir Has \u00dcniversitesi Rekt\u00f6r\u00fc Rahmi Aktepe TBD Genel Ba\u015fkan\u0131 KONGRE BA\u015eKANLI\u011eI Deniz Tiryakio\u011flu TBD \u0130stanbul \u015eubesi Y\u00f6n. Kur. Ba\u015fkan\u0131 Yrd. Do\u00e7. [&hellip;]<\/p>\n","protected":false},"author":1,"featured_media":0,"parent":0,"menu_order":0,"comment_status":"closed","ping_status":"closed","template":"","meta":{"_et_pb_use_builder":"on","_et_pb_old_content":"","footnotes":""},"_links":{"self":[{"href":"http:\/\/www.istanbulbilisimkongresi.org.tr\/2017\/wp-json\/wp\/v2\/pages\/297"}],"collection":[{"href":"http:\/\/www.istanbulbilisimkongresi.org.tr\/2017\/wp-json\/wp\/v2\/pages"}],"about":[{"href":"http:\/\/www.istanbulbilisimkongresi.org.tr\/2017\/wp-json\/wp\/v2\/types\/page"}],"author":[{"embeddable":true,"href":"http:\/\/www.istanbulbilisimkongresi.org.tr\/2017\/wp-json\/wp\/v2\/users\/1"}],"replies":[{"embeddable":true,"href":"http:\/\/www.istanbulbilisimkongresi.org.tr\/2017\/wp-json\/wp\/v2\/comments?post=297"}],"version-history":[{"count":7,"href":"http:\/\/www.istanbulbilisimkongresi.org.tr\/2017\/wp-json\/wp\/v2\/pages\/297\/revisions"}],"predecessor-version":[{"id":433,"href":"http:\/\/www.istanbulbilisimkongresi.org.tr\/2017\/wp-json\/wp\/v2\/pages\/297\/revisions\/433"}],"wp:attachment":[{"href":"http:\/\/www.istanbulbilisimkongresi.org.tr\/2017\/wp-json\/wp\/v2\/media?parent=297"}],"curies":[{"name":"wp","href":"https:\/\/api.w.org\/{rel}","templated":true}]}}

<p>[et_pb_section bb_built=&#8221;1&#8243; admin_label=&#8221;Bölüm&#8221; fullwidth=&#8221;on&#8221; specialty=&#8221;off&#8221;][et_pb_fullwidth_image admin_label=&#8221;Tam Geniş Resim&#8221; _builder_version=&#8221;3.0.51&#8243; show_in_lightbox=&#8221;off&#8221; url_new_window=&#8221;off&#8221; src=&#8221;http://www.istanbulbilisimkongresi.org.tr/2017/wp-content/uploads/res21-1.jpg&#8221; use_overlay=&#8221;off&#8221; border_style=&#8221;solid&#8221; animation=&#8221;left&#8221; /][/et_pb_section][et_pb_section bb_built=&#8221;1&#8243; admin_label=&#8221;section&#8221;][et_pb_row admin_label=&#8221;row&#8221; background_position=&#8221;top_left&#8221; background_repeat=&#8221;repeat&#8221; background_size=&#8221;initial&#8221;][et_pb_column type=&#8221;4_4&#8243;][et_pb_text admin_label=&#8221;Metin&#8221; _builder_version=&#8221;3.0.51&#8243; background_layout=&#8221;light&#8221; text_orientation=&#8221;left&#8221; border_style=&#8221;solid&#8221;]</p>
<h3>ONUR KURULU</h3>
<p><strong>Prof. Dr. Mustafa AYDIN</strong><br />
Kadir Has Üniversitesi Rektörü</p>
<p><strong>Rahmi Aktepe</strong><br />
TBD Genel Başkanı</p>
<h3>KONGRE BAŞKANLIĞI</h3>
<p><strong>Deniz Tiryakioğlu</strong><br />
TBD İstanbul Şubesi Yön. Kur. Başkanı</p>
<p><strong>Yrd. Doç. Dr. Taner ARSAN</strong><br />
Kadir Has Üniversitesi MDBF Dekan Yrd.</p>
<h3>KONGRE YÜRÜTME KURULU</h3>
<p><strong>Hüseyin Karayağız</strong><br />
Kongre Yürütme Kurulu Başkanı, TBD Istanbul Yönetim Kurulu Üyesi</p>
<p><strong>Ahmet AYVALI</strong><br />
İdari Koordinatör</p>
<p><strong>Cahit CENGİZHAN</strong><br />
Kongre Yürütme Kurulu Üyesi</p>
<p><strong>Osman CİRCİ</strong><br />
Kongre Yürütme Kurulu Üyesi</p>
<p><b>Ekrem EYÜPOĞLU</b><br />
Kongre Yürütme Kurulu Üyesi</p>
<p><b>Ebru GADİŞ</b><br />
Kongre Yürütme Kurulu Üyesi</p>
<p><span style="color: #333333;"><strong>Can Dağdelen</strong></span><br />
Sosyal Medya Sorumlusu</p>
<p><strong>Emir Akaydın</strong></p>
<p>Mobil Platform Koordinatörü</p>
<p>&nbsp;</p>
<p>&nbsp;</p>
<p>[/et_pb_text][/et_pb_column][/et_pb_row][/et_pb_section]</p>

<p>[et_pb_section bb_built=&#8221;1&#8243; admin_label=&#8221;Bölüm&#8221; fullwidth=&#8221;on&#8221; specialty=&#8221;off&#8221;][et_pb_fullwidth_image admin_label=&#8221;Tam Geniş Resim&#8221; _builder_version=&#8221;3.0.51&#8243; show_in_lightbox=&#8221;off&#8221; url_new_window=&#8221;off&#8221; src=&#8221;http://www.istanbulbilisimkongresi.org.tr/2017/wp-content/uploads/res21-1.jpg&#8221; use_overlay=&#8221;off&#8221; border_style=&#8221;solid&#8221; animation=&#8221;left&#8221; /][/et_pb_section][et_pb_section bb_built=&#8221;1&#8243; admin_label=&#8221;section&#8221;][et_pb_row admin_label=&#8221;row&#8221; background_position=&#8221;top_left&#8221; background_repeat=&#8221;repeat&#8221; background_size=&#8221;initial&#8221;][et_pb_column type=&#8221;4_4&#8243;][et_pb_text admin_label=&#8221;Metin&#8221; _builder_version=&#8221;3.0.51&#8243; background_layout=&#8221;light&#8221; text_orientation=&#8221;left&#8221; border_style=&#8221;solid&#8221;] ONUR KURULU Prof. Dr. Mustafa AYDIN Kadir Has Üniversitesi Rektörü Rahmi Aktepe TBD Genel Başkanı KONGRE BAŞKANLIĞI Deniz Tiryakioğlu TBD İstanbul Şubesi Yön. Kur. Başkanı Yrd. Doç. [&hellip;]</p>
